CRAN Package Check Results for Package LassoGEE

Last updated on 2022-01-26 22:54:54 CET.

Flavor Version Tinstall Tcheck Ttotal Status Flags
r-devel-linux-x86_64-debian-clang 1.0 44.69 136.24 180.93 NOTE
r-devel-linux-x86_64-debian-gcc 1.0 31.81 100.25 132.06 NOTE
r-devel-linux-x86_64-fedora-clang 1.0 217.93 NOTE
r-devel-linux-x86_64-fedora-gcc 1.0 205.39 NOTE
r-devel-windows-x86_64-new-UL 1.0 48.00 165.00 213.00 NOTE
r-devel-windows-x86_64-new-TK 1.0 NOTE
r-patched-linux-x86_64 1.0 36.23 120.12 156.35 NOTE
r-release-linux-x86_64 1.0 29.29 118.29 147.58 NOTE
r-release-macos-arm64 1.0 NOTE
r-release-macos-x86_64 1.0 NOTE
r-release-windows-ix86+x86_64 1.0 107.00 200.00 307.00 NOTE
r-oldrel-macos-x86_64 1.0 OK
r-oldrel-windows-ix86+x86_64 1.0 108.00 203.00 311.00 OK

Check Details

Version: 1.0
Check: LazyData
Result: NOTE
     'LazyData' is specified without a 'data' directory
Flavors: r-devel-linux-x86_64-debian-clang, r-devel-linux-x86_64-debian-gcc, r-devel-linux-x86_64-fedora-clang, r-devel-linux-x86_64-fedora-gcc, r-devel-windows-x86_64-new-UL, r-devel-windows-x86_64-new-TK, r-patched-linux-x86_64, r-release-linux-x86_64, r-release-macos-arm64, r-release-macos-x86_64, r-release-windows-ix86+x86_64