CRAN Package Check Results for Package LassoNet

Last updated on 2022-07-05 22:50:25 CEST.

Flavor Version Tinstall Tcheck Ttotal Status Flags
r-devel-linux-x86_64-debian-clang 0.8.3 17.16 32.64 49.80 OK
r-devel-linux-x86_64-debian-gcc 0.8.3 15.49 25.64 41.13 OK
r-devel-linux-x86_64-fedora-clang 0.8.3 84.54 NOTE
r-devel-linux-x86_64-fedora-gcc 0.8.3 78.63 NOTE
r-devel-windows-x86_64 0.8.3 23.00 80.00 103.00 OK
r-patched-linux-x86_64 0.8.3 14.73 32.07 46.80 OK
r-release-linux-x86_64 0.8.3 16.17 32.11 48.28 OK
r-release-macos-arm64 0.8.3 25.00 OK
r-release-macos-x86_64 0.8.3 33.00 OK
r-release-windows-x86_64 0.8.3 24.00 78.00 102.00 OK
r-oldrel-macos-arm64 0.8.3 24.00 OK
r-oldrel-macos-x86_64 0.8.3 48.00 OK
r-oldrel-windows-ix86+x86_64 0.8.3 47.00 83.00 130.00 OK

Check Details

Version: 0.8.3
Check: Rd cross-references
Result: NOTE
    Undeclared package ‘glmnet’ in Rd xrefs
Flavor: r-devel-linux-x86_64-fedora-clang

Version: 0.8.3
Check: compiled code
Result: NOTE
    File ‘LassoNet/libs/LassoNet.so’:
     Found no calls to: ‘R_registerRoutines’, ‘R_useDynamicSymbols’
    
    It is good practice to register native routines and to disable symbol
    search.
    
    See ‘Writing portable packages’ in the ‘Writing R Extensions’ manual.
Flavors: r-devel-linux-x86_64-fedora-clang, r-devel-linux-x86_64-fedora-gcc