CRAN Package Check Results for Package LifeInsuranceContracts

Last updated on 2022-05-27 22:51:59 CEST.

Flavor Version Tinstall Tcheck Ttotal Status Flags
r-devel-linux-x86_64-debian-clang 0.0.3 17.71 148.48 166.19 OK
r-devel-linux-x86_64-debian-gcc 0.0.3 13.14 107.97 121.11 OK
r-devel-linux-x86_64-fedora-clang 0.0.3 194.68 NOTE
r-devel-linux-x86_64-fedora-gcc 0.0.3 192.50 NOTE
r-devel-windows-x86_64 0.0.3 309.00 170.00 479.00 OK
r-patched-linux-x86_64 0.0.3 20.32 136.16 156.48 OK
r-release-linux-x86_64 0.0.3 17.63 135.37 153.00 OK
r-release-macos-arm64 0.0.3 47.00 NOTE
r-release-macos-x86_64 0.0.3 91.00 NOTE
r-release-windows-x86_64 0.0.3 292.00 176.00 468.00 OK
r-oldrel-macos-arm64 0.0.3 69.00 NOTE
r-oldrel-macos-x86_64 0.0.3 63.00 NOTE
r-oldrel-windows-ix86+x86_64 0.0.3 34.00 160.00 194.00 OK

Check Details

Version: 0.0.3
Check: dependencies in R code
Result: NOTE
    Namespaces in Imports field not imported from:
     ‘kableExtra’ ‘pander’
     All declared Imports should be used.
Flavors: r-devel-linux-x86_64-fedora-clang, r-devel-linux-x86_64-fedora-gcc, r-release-macos-arm64, r-release-macos-x86_64, r-oldrel-macos-arm64, r-oldrel-macos-x86_64