CRAN Package Check Results for Package LinkedGASP

Last updated on 2022-01-15 21:52:15 CET.

Flavor Version Tinstall Tcheck Ttotal Status Flags
r-devel-linux-x86_64-debian-clang 1.0 10.09 83.60 93.69 OK
r-devel-linux-x86_64-debian-gcc 1.0 7.81 65.05 72.86 OK
r-devel-linux-x86_64-fedora-clang 1.0 114.92 OK
r-devel-linux-x86_64-fedora-gcc 1.0 108.54 OK
r-devel-windows-x86_64-new-UL 1.0 29.00 102.00 131.00 OK
r-devel-windows-x86_64-new-TK 1.0 ERROR
r-patched-linux-x86_64 1.0 8.51 82.46 90.97 OK
r-release-linux-x86_64 1.0 7.30 82.38 89.68 OK
r-release-macos-arm64 1.0 OK
r-release-macos-x86_64 1.0 OK
r-release-windows-ix86+x86_64 1.0 20.00 99.00 119.00 OK
r-oldrel-macos-x86_64 1.0 OK
r-oldrel-windows-ix86+x86_64 1.0 19.00 98.00 117.00 OK

Check Details

Version: 1.0
Check: package dependencies
Result: ERROR
    Package required but not available: 'nloptr'
    
    See section 'The DESCRIPTION file' in the 'Writing R Extensions'
    manual.
Flavor: r-devel-windows-x86_64-new-TK