CRAN Package Check Results for Package LogConcDEAD

Last updated on 2022-01-25 22:57:01 CET.

Flavor Version Tinstall Tcheck Ttotal Status Flags
r-devel-linux-x86_64-debian-clang 1.6-5 20.17 103.16 123.33 OK
r-devel-linux-x86_64-debian-gcc 1.6-5 16.38 82.53 98.91 OK
r-devel-linux-x86_64-fedora-clang 1.6-5 156.59 NOTE
r-devel-linux-x86_64-fedora-gcc 1.6-5 146.21 OK
r-devel-windows-x86_64-new-UL 1.6-5 87.00 143.00 230.00 OK
r-devel-windows-x86_64-new-TK 1.6-5 OK
r-patched-linux-x86_64 1.6-5 19.86 100.29 120.15 OK
r-release-linux-x86_64 1.6-5 20.86 98.42 119.28 OK
r-release-macos-arm64 1.6-4 OK
r-release-macos-x86_64 1.6-5 OK
r-release-windows-ix86+x86_64 1.6-5 56.00 137.00 193.00 OK
r-oldrel-macos-x86_64 1.6-5 OK
r-oldrel-windows-ix86+x86_64 1.6-5 56.00 140.00 196.00 OK

Check Details

Version: 1.6-5
Check: Rd cross-references
Result: NOTE
    Undeclared packages ‘logcondens’, ‘colorspace’ in Rd xrefs
Flavor: r-devel-linux-x86_64-fedora-clang