CRAN Package Check Results for Package MASSExtra

Last updated on 2024-02-21 23:11:34 CET.

Flavor Version Tinstall Tcheck Ttotal Status Flags
r-devel-linux-x86_64-debian-clang 1.2.2 NOTE
r-devel-linux-x86_64-debian-gcc 1.2.2 3.45 42.48 45.93 NOTE
r-devel-linux-x86_64-fedora-clang 1.2.2 78.40 NOTE
r-devel-linux-x86_64-fedora-gcc 1.2.2 90.11 NOTE
r-devel-windows-x86_64 1.2.2 5.00 73.00 78.00 OK
r-patched-linux-x86_64 1.2.2 4.75 54.43 59.18 OK
r-release-linux-x86_64 1.2.2 4.49 54.08 58.57 OK
r-release-macos-arm64 1.2.2 33.00 OK
r-release-macos-x86_64 1.2.2 53.00 OK
r-release-windows-x86_64 1.2.2 6.00 83.00 89.00 OK
r-oldrel-macos-arm64 1.2.2 42.00 OK
r-oldrel-windows-x86_64 1.2.2 6.00 81.00 87.00 OK

Check Details

Version: 1.2.2
Check: Rd files
Result: NOTE checkRd: (-1) hr_levels.Rd:9-12: Lost braces 9 | kernelBiweight <- function(x, mean = 0, sd = 1) { | ^ checkRd: (-1) hr_levels.Rd:33-36: Lost braces 33 | kernelCosine <- function(x, mean = 0, sd = 1) { | ^ checkRd: (-1) hr_levels.Rd:41-44: Lost braces 41 | kernelEpanechnikov <- function(x, mean = 0, sd = 1) { | ^ checkRd: (-1) hr_levels.Rd:58-61: Lost braces 58 | kernelOptCosine <- function(x, mean = 0, sd = 1) { | ^ checkRd: (-1) hr_levels.Rd:65-68: Lost braces 65 | kernelRectangular <- function(x, mean = 0, sd = 1) { | ^ checkRd: (-1) hr_levels.Rd:72-75: Lost braces 72 | kernelSquaredCosine <- function(x, mean = 0, sd = 1) { | ^ checkRd: (-1) hr_levels.Rd:79-82: Lost braces 79 | kernelTriangular <- function(x, mean = 0, sd = 1) { | ^ checkRd: (-1) hr_levels.Rd:86-89: Lost braces 86 | kernelTricube <- function(x, mean = 0, sd = 1) { | ^ checkRd: (-1) hr_levels.Rd:93-96: Lost braces 93 | kernelTriweight <- function(x, mean = 0, sd = 1) { | ^ checkRd: (-1) hr_levels.Rd:100-103: Lost braces 100 | kernelUniform <- function(x, mean = 0, sd = 1) { | ^ Flavors: r-devel-linux-x86_64-debian-clang, r-devel-linux-x86_64-debian-gcc, r-devel-linux-x86_64-fedora-clang, r-devel-linux-x86_64-fedora-gcc