CRAN Package Check Results for Package MBMethPred

Last updated on 2024-02-23 23:10:10 CET.

Flavor Version Tinstall Tcheck Ttotal Status Flags
r-devel-linux-x86_64-debian-clang 0.1.4.2 OK
r-devel-linux-x86_64-debian-gcc 0.1.4.2 26.77 163.74 190.51 OK
r-devel-linux-x86_64-fedora-clang 0.1.4.2 265.30 OK
r-devel-linux-x86_64-fedora-gcc 0.1.4.2 399.04 OK
r-devel-windows-x86_64 0.1.4.2 29.00 152.00 181.00 OK
r-patched-linux-x86_64 0.1.4.2 23.35 196.45 219.80 OK
r-release-linux-x86_64 0.1.4.2 21.96 191.45 213.41 OK
r-release-macos-arm64 0.1.4.2 132.00 NOTE
r-release-macos-x86_64 0.1.4.2 299.00 NOTE
r-release-windows-x86_64 0.1.4.2 38.00 187.00 225.00 OK
r-oldrel-macos-arm64 0.1.4.2 134.00 NOTE
r-oldrel-windows-x86_64 0.1.4.2 40.00 190.00 230.00 OK

Check Details

Version: 0.1.4.2
Check: installed package size
Result: NOTE installed size is 5.1Mb sub-directories of 1Mb or more: R 1.1Mb data 3.9Mb Flavors: r-release-macos-arm64, r-release-macos-x86_64, r-oldrel-macos-arm64