CRAN Package Check Results for Package MBNMAdose

Last updated on 2022-01-28 23:00:41 CET.

Flavor Version Tinstall Tcheck Ttotal Status Flags
r-devel-linux-x86_64-debian-clang 0.3.0 10.02 279.21 289.23 OK
r-devel-linux-x86_64-debian-gcc 0.3.0 8.33 192.87 201.20 OK
r-devel-linux-x86_64-fedora-clang 0.3.0 332.36 NOTE
r-devel-linux-x86_64-fedora-gcc 0.3.0 338.03 NOTE
r-devel-windows-x86_64-new-UL 0.3.0 126.00 324.00 450.00 OK
r-devel-windows-x86_64-new-TK 0.3.0 NOTE
r-patched-linux-x86_64 0.3.0 10.47 255.01 265.48 OK
r-release-linux-x86_64 0.3.0 9.42 257.09 266.51 OK
r-release-macos-arm64 0.3.0 NOTE
r-release-macos-x86_64 0.3.0 NOTE
r-release-windows-ix86+x86_64 0.3.0 18.00 325.00 343.00 OK
r-oldrel-macos-x86_64 0.3.0 NOTE
r-oldrel-windows-ix86+x86_64 0.3.0 19.00 327.00 346.00 OK

Check Details

Version: 0.3.0
Check: dependencies in R code
Result: NOTE
    Namespaces in Imports field not imported from:
     ‘formatR’ ‘utf8’
     All declared Imports should be used.
Flavors: r-devel-linux-x86_64-fedora-clang, r-devel-linux-x86_64-fedora-gcc, r-devel-windows-x86_64-new-TK, r-release-macos-arm64, r-release-macos-x86_64, r-oldrel-macos-x86_64

Version: 0.3.0
Check: data for non-ASCII characters
Result: NOTE
     Note: found 6 marked Latin-1 strings
Flavors: r-devel-linux-x86_64-fedora-clang, r-devel-linux-x86_64-fedora-gcc, r-devel-windows-x86_64-new-TK, r-release-macos-arm64, r-release-macos-x86_64, r-oldrel-macos-x86_64