CRAN Package Check Results for Package MBNMAtime

Last updated on 2022-01-28 23:00:41 CET.

Flavor Version Tinstall Tcheck Ttotal Status Flags
r-devel-linux-x86_64-debian-clang 0.2.1 8.63 516.93 525.56 OK
r-devel-linux-x86_64-debian-gcc 0.2.1 6.72 375.06 381.78 OK
r-devel-linux-x86_64-fedora-clang 0.2.1 537.58 NOTE
r-devel-linux-x86_64-fedora-gcc 0.2.1 530.73 OK
r-devel-windows-x86_64-new-UL 0.2.1 140.00 527.00 667.00 OK
r-devel-windows-x86_64-new-TK 0.2.1 NOTE
r-patched-linux-x86_64 0.2.1 9.20 437.02 446.22 OK
r-release-linux-x86_64 0.2.1 9.17 425.68 434.85 OK
r-release-macos-arm64 0.2.1 OK
r-release-macos-x86_64 0.2.1 OK
r-release-windows-ix86+x86_64 0.2.1 18.00 487.00 505.00 OK
r-oldrel-macos-x86_64 0.2.1 OK
r-oldrel-windows-ix86+x86_64 0.2.1 19.00 502.00 521.00 OK

Check Details

Version: 0.2.1
Check: Rd cross-references
Result: NOTE
    Undeclared package ‘gemtc’ in Rd xrefs
Flavor: r-devel-linux-x86_64-fedora-clang

Version: 0.2.1
Check: Rd cross-references
Result: NOTE
    Package unavailable to check Rd xrefs: 'gemtc'
Flavor: r-devel-windows-x86_64-new-TK