CRAN Package Check Results for Package MCMChybridGP

Last updated on 2022-01-15 21:52:16 CET.

Flavor Version Tinstall Tcheck Ttotal Status Flags
r-devel-linux-x86_64-debian-clang 5.4 4.09 36.38 40.47 OK
r-devel-linux-x86_64-debian-gcc 5.4 3.19 28.13 31.32 OK
r-devel-linux-x86_64-fedora-clang 5.4 50.62 NOTE
r-devel-linux-x86_64-fedora-gcc 5.4 42.00 NOTE
r-devel-windows-x86_64-new-UL 5.4 28.00 55.00 83.00 OK
r-devel-windows-x86_64-new-TK 5.4 OK
r-patched-linux-x86_64 5.4 3.81 34.50 38.31 OK
r-release-linux-x86_64 5.4 3.46 35.52 38.98 OK
r-release-macos-arm64 5.4 OK
r-release-macos-x86_64 5.4 OK
r-release-windows-ix86+x86_64 5.4 10.00 51.00 61.00 OK
r-oldrel-macos-x86_64 5.4 OK
r-oldrel-windows-ix86+x86_64 5.4 11.00 51.00 62.00 OK

Check Details

Version: 5.4
Check: compiled code
Result: NOTE
    File ‘MCMChybridGP/libs/MCMChybridGP.so’:
     Found no calls to: ‘R_registerRoutines’, ‘R_useDynamicSymbols’
    
    It is good practice to register native routines and to disable symbol
    search.
    
    See ‘Writing portable packages’ in the ‘Writing R Extensions’ manual.
Flavors: r-devel-linux-x86_64-fedora-clang, r-devel-linux-x86_64-fedora-gcc