CRAN Package Check Results for Package MDplot

Last updated on 2024-02-25 23:02:12 CET.

Flavor Version Tinstall Tcheck Ttotal Status Flags
r-devel-linux-x86_64-debian-clang 1.0.1 7.68 71.48 79.16 OK
r-devel-linux-x86_64-debian-gcc 1.0.1 5.44 52.50 57.94 OK
r-devel-linux-x86_64-fedora-clang 1.0.1 96.94 NOTE
r-devel-linux-x86_64-fedora-gcc 1.0.1 106.25 OK
r-devel-windows-x86_64 1.0.1 8.00 85.00 93.00 NOTE
r-patched-linux-x86_64 1.0.1 10.26 69.58 79.84 OK
r-release-linux-x86_64 1.0.1 4.73 68.70 73.43 OK
r-release-macos-arm64 1.0.1 36.00 NOTE
r-release-macos-x86_64 1.0.1 61.00 NOTE
r-release-windows-x86_64 1.0.1 10.00 90.00 100.00 NOTE
r-oldrel-macos-arm64 1.0.1 36.00 NOTE
r-oldrel-windows-x86_64 1.0.1 9.00 88.00 97.00 NOTE

Check Details

Version: 1.0.1
Check: installed package size
Result: NOTE installed size is 7.6Mb sub-directories of 1Mb or more: doc 1.9Mb extdata 5.3Mb Flavors: r-devel-linux-x86_64-fedora-clang, r-devel-windows-x86_64, r-release-macos-arm64, r-release-macos-x86_64, r-release-windows-x86_64, r-oldrel-macos-arm64, r-oldrel-windows-x86_64