CRAN Package Check Results for Package MFSIS

Last updated on 2024-02-24 21:40:25 CET.

Flavor Version Tinstall Tcheck Ttotal Status Flags
r-devel-linux-x86_64-debian-clang 0.2.0 11.77 106.97 118.74 OK
r-devel-linux-x86_64-debian-gcc 0.2.0 8.97 78.93 87.90 OK
r-devel-linux-x86_64-fedora-clang 0.2.0 140.65 NOTE
r-devel-linux-x86_64-fedora-gcc 0.2.0 137.32 NOTE
r-devel-windows-x86_64 0.2.0 10.00 117.00 127.00 OK
r-patched-linux-x86_64 0.2.0 9.11 103.47 112.58 OK
r-release-linux-x86_64 0.2.0 10.01 103.30 113.31 OK
r-release-macos-arm64 0.2.0 41.00 OK
r-release-macos-x86_64 0.2.0 72.00 OK
r-release-windows-x86_64 0.2.0 13.00 128.00 141.00 OK
r-oldrel-macos-arm64 0.2.0 47.00 OK
r-oldrel-windows-x86_64 0.2.0 12.00 134.00 146.00 OK

Check Details

Version: 0.2.0
Check: dependencies in R code
Result: NOTE Namespace in Imports field not imported from: ‘fs’ All declared Imports should be used. Flavors: r-devel-linux-x86_64-fedora-clang, r-devel-linux-x86_64-fedora-gcc