Last updated on 2022-07-04 22:59:16 CEST.
Flavor | Version | Tinstall | Tcheck | Ttotal | Status | Flags |
---|---|---|---|---|---|---|
r-devel-linux-x86_64-debian-clang | 1.0.2 | 4.99 | 61.58 | 66.57 | NOTE | |
r-devel-linux-x86_64-debian-gcc | 1.0.2 | 2.25 | 48.09 | 50.34 | NOTE | |
r-devel-linux-x86_64-fedora-clang | 1.0.2 | 93.16 | NOTE | |||
r-devel-linux-x86_64-fedora-gcc | 1.0.2 | 89.43 | NOTE | |||
r-devel-windows-x86_64 | 1.0.2 | 16.00 | 91.00 | 107.00 | NOTE | |
r-patched-linux-x86_64 | 1.0.2 | 4.65 | 59.38 | 64.03 | NOTE | |
r-release-linux-x86_64 | 1.0.2 | 4.86 | 60.11 | 64.97 | NOTE | |
r-release-macos-arm64 | 1.0.2 | 30.00 | NOTE | |||
r-release-macos-x86_64 | 1.0.2 | 42.00 | NOTE | |||
r-release-windows-x86_64 | 1.0.2 | 17.00 | 93.00 | 110.00 | NOTE | |
r-oldrel-macos-arm64 | 1.0.2 | 38.00 | NOTE | |||
r-oldrel-macos-x86_64 | 1.0.2 | 57.00 | NOTE | |||
r-oldrel-windows-ix86+x86_64 | 1.0.2 | 10.00 | 85.00 | 95.00 | NOTE |
Version: 1.0.2
Check: LazyData
Result: NOTE
'LazyData' is specified without a 'data' directory
Flavors: r-devel-linux-x86_64-debian-clang, r-devel-linux-x86_64-debian-gcc, r-devel-linux-x86_64-fedora-clang, r-devel-linux-x86_64-fedora-gcc, r-devel-windows-x86_64, r-patched-linux-x86_64, r-release-linux-x86_64, r-release-macos-arm64, r-release-macos-x86_64, r-release-windows-x86_64, r-oldrel-macos-arm64, r-oldrel-macos-x86_64, r-oldrel-windows-ix86+x86_64