Last updated on 2022-05-16 22:52:16 CEST.
Flavor | Version | Tinstall | Tcheck | Ttotal | Status | Flags |
---|---|---|---|---|---|---|
r-devel-linux-x86_64-debian-clang | 1.0.0 | 69.83 | 82.33 | 152.16 | OK | |
r-devel-linux-x86_64-debian-gcc | 1.0.0 | 60.13 | 61.53 | 121.66 | OK | |
r-devel-linux-x86_64-fedora-clang | 1.0.0 | 207.19 | OK | |||
r-devel-linux-x86_64-fedora-gcc | 1.0.0 | 191.83 | OK | |||
r-devel-windows-x86_64 | 1.0.0 | 61.00 | 118.00 | 179.00 | OK | |
r-patched-linux-x86_64 | 1.0.0 | 58.81 | 78.44 | 137.25 | OK | |
r-release-linux-x86_64 | 1.0.0 | 57.31 | 78.57 | 135.88 | OK | |
r-release-macos-arm64 | 1.0.0 | 52.00 | OK | |||
r-release-macos-x86_64 | 1.0.0 | 91.00 | OK | |||
r-release-windows-x86_64 | 1.0.0 | 63.00 | 121.00 | 184.00 | OK | |
r-oldrel-macos-arm64 | 1.0.0 | 57.00 | NOTE | |||
r-oldrel-macos-x86_64 | 1.0.0 | 74.00 | OK | |||
r-oldrel-windows-ix86+x86_64 | 1.0.0 | 180.00 | 151.00 | 331.00 | OK |
Version: 1.0.0
Check: installed package size
Result: NOTE
installed size is 5.5Mb
sub-directories of 1Mb or more:
libs 5.4Mb
Flavor: r-oldrel-macos-arm64