CRAN Package Check Results for Package MKinfer

Last updated on 2022-01-28 23:00:42 CET.

Flavor Version Tinstall Tcheck Ttotal Status Flags
r-devel-linux-x86_64-debian-clang 0.6 10.22 141.85 152.07 OK
r-devel-linux-x86_64-debian-gcc 0.6 7.89 102.69 110.58 OK
r-devel-linux-x86_64-fedora-clang 0.6 170.04 NOTE
r-devel-linux-x86_64-fedora-gcc 0.6 160.06 OK
r-devel-windows-x86_64-new-UL 0.6 29.00 161.00 190.00 OK
r-devel-windows-x86_64-new-TK 0.6 OK
r-patched-linux-x86_64 0.6 8.31 124.78 133.09 OK
r-release-linux-x86_64 0.6 7.68 123.99 131.67 OK
r-release-macos-arm64 0.6 OK
r-release-macos-x86_64 0.6 OK
r-release-windows-ix86+x86_64 0.6 19.00 153.00 172.00 OK
r-oldrel-macos-x86_64 0.6 OK
r-oldrel-windows-ix86+x86_64 0.6 18.00 149.00 167.00 OK

Check Details

Version: 0.6
Check: Rd cross-references
Result: NOTE
    Undeclared package ‘Hmisc’ in Rd xrefs
Flavor: r-devel-linux-x86_64-fedora-clang