CRAN Package Check Results for Package MLMOI

Last updated on 2023-05-29 23:03:50 CEST.

Flavor Version Tinstall Tcheck Ttotal Status Flags
r-devel-linux-x86_64-debian-clang 0.1.1 6.47 69.21 75.68 NOTE
r-devel-linux-x86_64-debian-gcc 0.1.1 4.80 52.92 57.72 NOTE
r-devel-linux-x86_64-fedora-clang 0.1.1 96.29 NOTE
r-devel-linux-x86_64-fedora-gcc 0.1.1 112.46 NOTE
r-devel-windows-x86_64 0.1.1 7.00 77.00 84.00 NOTE
r-patched-linux-x86_64 0.1.1 6.65 67.16 73.81 NOTE
r-release-linux-x86_64 0.1.1 5.38 67.92 73.30 NOTE
r-release-macos-arm64 0.1.1 36.00 NOTE
r-release-macos-x86_64 0.1.1 55.00 NOTE
r-release-windows-x86_64 0.1.1 8.00 83.00 91.00 NOTE
r-oldrel-macos-arm64 0.1.1 25.00 NOTE
r-oldrel-macos-x86_64 0.1.1 37.00 NOTE
r-oldrel-windows-x86_64 0.1.1 8.00 80.00 88.00 NOTE

Check Details

Version: 0.1.1
Check: LazyData
Result: NOTE
     'LazyData' is specified without a 'data' directory
Flavors: r-devel-linux-x86_64-debian-clang, r-devel-linux-x86_64-debian-gcc, r-devel-linux-x86_64-fedora-clang, r-devel-linux-x86_64-fedora-gcc, r-devel-windows-x86_64, r-patched-linux-x86_64, r-release-linux-x86_64, r-release-macos-arm64, r-release-macos-x86_64, r-release-windows-x86_64, r-oldrel-macos-arm64, r-oldrel-macos-x86_64, r-oldrel-windows-x86_64