CRAN Package Check Results for Package MLMOI

Last updated on 2022-05-18 21:53:20 CEST.

Flavor Version Tinstall Tcheck Ttotal Status Flags
r-devel-linux-x86_64-debian-clang 0.1.1 5.28 69.92 75.20 NOTE
r-devel-linux-x86_64-debian-gcc 0.1.1 4.89 53.33 58.22 NOTE
r-devel-linux-x86_64-fedora-clang 0.1.1 90.22 NOTE
r-devel-linux-x86_64-fedora-gcc 0.1.1 89.33 NOTE
r-devel-windows-x86_64 0.1.1 39.00 96.00 135.00 NOTE
r-patched-linux-x86_64 0.1.1 7.08 67.60 74.68 NOTE
r-release-linux-x86_64 0.1.1 4.42 68.61 73.03 NOTE
r-release-macos-arm64 0.1.1 25.00 NOTE
r-release-macos-x86_64 0.1.1 37.00 NOTE
r-release-windows-x86_64 0.1.1 32.00 97.00 129.00 NOTE
r-oldrel-macos-arm64 0.1.1 38.00 NOTE
r-oldrel-macos-x86_64 0.1.1 53.00 NOTE
r-oldrel-windows-ix86+x86_64 0.1.1 12.00 79.00 91.00 NOTE

Check Details

Version: 0.1.1
Check: LazyData
Result: NOTE
     'LazyData' is specified without a 'data' directory
Flavors: r-devel-linux-x86_64-debian-clang, r-devel-linux-x86_64-debian-gcc, r-devel-linux-x86_64-fedora-clang, r-devel-linux-x86_64-fedora-gcc, r-devel-windows-x86_64, r-patched-linux-x86_64, r-release-linux-x86_64, r-release-macos-arm64, r-release-macos-x86_64, r-release-windows-x86_64, r-oldrel-macos-arm64, r-oldrel-macos-x86_64, r-oldrel-windows-ix86+x86_64