CRAN Package Check Results for Package MMDvariance

Last updated on 2022-01-27 23:01:09 CET.

Flavor Version Tinstall Tcheck Ttotal Status Flags
r-devel-linux-x86_64-debian-clang 0.0.9 6.11 65.50 71.61 OK
r-devel-linux-x86_64-debian-gcc 0.0.9 6.38 50.14 56.52 OK
r-devel-linux-x86_64-fedora-clang 0.0.9 86.55 OK
r-devel-linux-x86_64-fedora-gcc 0.0.9 77.12 OK
r-devel-windows-x86_64-new-UL 0.0.9 36.00 81.00 117.00 OK
r-devel-windows-x86_64-new-TK 0.0.9 OK
r-patched-linux-x86_64 0.0.9 7.54 62.36 69.90 OK
r-release-linux-x86_64 0.0.9 5.82 63.20 69.02 OK
r-release-macos-arm64 0.0.9 OK
r-release-macos-x86_64 0.0.9 ERROR
r-release-windows-ix86+x86_64 0.0.9 14.00 76.00 90.00 OK
r-oldrel-macos-x86_64 0.0.9 ERROR
r-oldrel-windows-ix86+x86_64 0.0.9 14.00 74.00 88.00 OK

Check Details

Version: 0.0.9
Check: package dependencies
Result: NOTE
    Package suggested but not available for checking: ‘ALL’
Flavors: r-release-macos-x86_64, r-oldrel-macos-x86_64

Version: 0.0.9
Check: examples
Result: ERROR
    Running examples in ‘MMDvariance-Ex.R’ failed
    The error most likely occurred in:
    
    > ### Name: gsMMD.v
    > ### Title: Gene selection based on variances by using a mixture of marginal
    > ### distributions
    > ### Aliases: gsMMD.v
    > ### Keywords: classif
    >
    > ### ** Examples
    >
    > t1 = proc.time()
    > library(ALL)
    Error in library(ALL) : there is no package called ‘ALL’
    Execution halted
Flavors: r-release-macos-x86_64, r-oldrel-macos-x86_64