CRAN Package Check Results for Package MNLpred

Last updated on 2022-01-25 22:57:02 CET.

Flavor Version Tinstall Tcheck Ttotal Status Flags
r-devel-linux-x86_64-debian-clang 0.0.8 2.20 51.41 53.61 OK
r-devel-linux-x86_64-debian-gcc 0.0.8 1.69 41.87 43.56 OK
r-devel-linux-x86_64-fedora-clang 0.0.8 64.79 OK
r-devel-linux-x86_64-fedora-gcc 0.0.8 54.09 OK
r-devel-windows-x86_64-new-UL 0.0.8 31.00 76.00 107.00 OK
r-devel-windows-x86_64-new-TK 0.0.8 OK
r-patched-linux-x86_64 0.0.8 2.41 47.48 49.89 OK
r-release-linux-x86_64 0.0.8 2.50 48.04 50.54 OK
r-release-macos-arm64 0.0.8 OK
r-release-macos-x86_64 0.0.8 WARN
r-release-windows-ix86+x86_64 0.0.8 7.00 60.00 67.00 OK
r-oldrel-macos-x86_64 0.0.8 WARN
r-oldrel-windows-ix86+x86_64 0.0.8 6.00 65.00 71.00 OK

Check Details

Version: 0.0.8
Check: re-building of vignette outputs
Result: WARN
    Error(s) in re-building vignettes:
     ...
    --- re-building ‘OVA_Predictions_For_MNL.Rmd’ using rmarkdown
    Warning in engine$weave(file, quiet = quiet, encoding = enc) :
     Pandoc (>= 1.12.3) not available. Falling back to R Markdown v1.
    Error: processing vignette 'OVA_Predictions_For_MNL.Rmd' failed with diagnostics:
    there is no package called 'stringi'
    --- failed re-building ‘OVA_Predictions_For_MNL.Rmd’
    
    SUMMARY: processing the following file failed:
     ‘OVA_Predictions_For_MNL.Rmd’
    
    Error: Vignette re-building failed.
    Execution halted
Flavors: r-release-macos-x86_64, r-oldrel-macos-x86_64