CRAN Package Check Results for Package MPAgenomics

Last updated on 2022-01-26 22:54:56 CET.

Flavor Version Tinstall Tcheck Ttotal Status Flags
r-devel-linux-x86_64-debian-clang 1.2.3 13.55 115.52 129.07 OK
r-devel-linux-x86_64-debian-gcc 1.2.3 10.61 89.20 99.81 OK
r-devel-linux-x86_64-fedora-clang 1.2.3 161.02 OK
r-devel-linux-x86_64-fedora-gcc 1.2.3 152.74 OK
r-devel-windows-x86_64-new-UL 1.2.3 145.00 160.00 305.00 OK
r-devel-windows-x86_64-new-TK 1.2.3 OK
r-patched-linux-x86_64 1.2.3 13.26 108.23 121.49 OK
r-release-linux-x86_64 1.2.3 13.24 106.77 120.01 OK
r-release-macos-arm64 1.2.3 NOTE
r-release-macos-x86_64 1.2.3 OK
r-release-windows-ix86+x86_64 1.2.3 27.00 141.00 168.00 OK
r-oldrel-macos-x86_64 1.2.3 OK
r-oldrel-windows-ix86+x86_64 1.2.3 26.00 132.00 158.00 OK

Check Details

Version: 1.2.3
Check: package dependencies
Result: NOTE
    Packages suggested but not available for checking:
     'CGHcall', 'aroma.affymetrix', 'aroma.cn', 'aroma.core',
     'aroma.light'
Flavor: r-release-macos-arm64