CRAN Package Check Results for Package MPBoost

Last updated on 2022-07-04 22:59:17 CEST.

Flavor Version Tinstall Tcheck Ttotal Status Flags
r-devel-linux-x86_64-debian-clang 0.1-4 28.00 41.42 69.42 WARN
r-devel-linux-x86_64-debian-gcc 0.1-4 20.19 33.07 53.26 OK
r-devel-linux-x86_64-fedora-clang 0.1-4 106.39 WARN
r-devel-linux-x86_64-fedora-gcc 0.1-4 96.52 OK
r-devel-windows-x86_64 0.1-4 27.00 104.00 131.00 OK
r-patched-linux-x86_64 0.1-4 22.81 40.93 63.74 OK
r-release-linux-x86_64 0.1-4 22.92 40.66 63.58 OK
r-release-macos-arm64 0.1-4 30.00 OK
r-release-macos-x86_64 0.1-4 42.00 OK
r-release-windows-x86_64 0.1-4 40.00 102.00 142.00 OK
r-oldrel-macos-arm64 0.1-4 40.00 OK
r-oldrel-macos-x86_64 0.1-4 36.00 OK
r-oldrel-windows-ix86+x86_64 0.1-4 65.00 98.00 163.00 OK

Additional issues

clang14

Check Details

Version: 0.1-4
Check: whether package can be installed
Result: WARN
    Found the following significant warnings:
     mpboost.cpp:88:9: warning: use of bitwise '&' with boolean operands [-Wbitwise-instead-of-logical]
Flavors: r-devel-linux-x86_64-debian-clang, r-devel-linux-x86_64-fedora-clang