CRAN Package Check Results for Package MScombine

Last updated on 2022-05-17 22:51:32 CEST.

Flavor Version Tinstall Tcheck Ttotal Status Flags
r-devel-linux-x86_64-debian-clang 1.4 2.56 37.10 39.66 NOTE
r-devel-linux-x86_64-debian-gcc 1.4 2.36 28.94 31.30 NOTE
r-devel-linux-x86_64-fedora-clang 1.4 48.88 NOTE
r-devel-linux-x86_64-fedora-gcc 1.4 47.08 NOTE
r-devel-windows-x86_64 1.4 18.00 54.00 72.00 NOTE
r-patched-linux-x86_64 1.4 3.21 36.13 39.34 NOTE
r-release-linux-x86_64 1.4 3.08 35.79 38.87 NOTE
r-release-macos-arm64 1.4 16.00 NOTE
r-release-macos-x86_64 1.4 23.00 NOTE
r-release-windows-x86_64 1.4 18.00 54.00 72.00 NOTE
r-oldrel-macos-arm64 1.4 20.00 NOTE
r-oldrel-macos-x86_64 1.4 29.00 NOTE
r-oldrel-windows-ix86+x86_64 1.4 8.00 52.00 60.00 NOTE

Check Details

Version: 1.4
Check: LazyData
Result: NOTE
     'LazyData' is specified without a 'data' directory
Flavors: r-devel-linux-x86_64-debian-clang, r-devel-linux-x86_64-debian-gcc, r-devel-linux-x86_64-fedora-clang, r-devel-linux-x86_64-fedora-gcc, r-devel-windows-x86_64, r-patched-linux-x86_64, r-release-linux-x86_64, r-release-macos-arm64, r-release-macos-x86_64, r-release-windows-x86_64, r-oldrel-macos-arm64, r-oldrel-macos-x86_64, r-oldrel-windows-ix86+x86_64