CRAN Package Check Results for Package MaOEA

Last updated on 2022-01-27 23:01:07 CET.

Flavor Version Tinstall Tcheck Ttotal Status Flags
r-devel-linux-x86_64-debian-clang 0.6.2 12.52 89.62 102.14 NOTE
r-devel-linux-x86_64-debian-gcc 0.6.2 8.99 68.40 77.39 NOTE
r-devel-linux-x86_64-fedora-clang 0.6.2 127.54 NOTE
r-devel-linux-x86_64-fedora-gcc 0.6.2 117.26 NOTE
r-devel-windows-x86_64-new-UL 0.6.2 36.00 110.00 146.00 NOTE
r-devel-windows-x86_64-new-TK 0.6.2 NOTE
r-patched-linux-x86_64 0.6.2 8.30 82.83 91.13 NOTE
r-release-linux-x86_64 0.6.2 8.09 82.31 90.40 NOTE
r-release-macos-arm64 0.6.2 NOTE
r-release-macos-x86_64 0.6.2 NOTE
r-release-windows-ix86+x86_64 0.6.2 22.00 103.00 125.00 NOTE
r-oldrel-macos-x86_64 0.6.2 OK
r-oldrel-windows-ix86+x86_64 0.6.2 22.00 103.00 125.00 OK

Check Details

Version: 0.6.2
Check: LazyData
Result: NOTE
     'LazyData' is specified without a 'data' directory
Flavors: r-devel-linux-x86_64-debian-clang, r-devel-linux-x86_64-debian-gcc, r-devel-linux-x86_64-fedora-clang, r-devel-linux-x86_64-fedora-gcc, r-devel-windows-x86_64-new-UL, r-devel-windows-x86_64-new-TK, r-patched-linux-x86_64, r-release-linux-x86_64, r-release-macos-arm64, r-release-macos-x86_64, r-release-windows-ix86+x86_64