CRAN Package Check Results for Package MarginalMediation

Last updated on 2022-01-24 22:56:32 CET.

Flavor Version Tinstall Tcheck Ttotal Status Flags
r-devel-linux-x86_64-debian-clang 0.7.0 5.45 112.73 118.18 NOTE
r-devel-linux-x86_64-debian-gcc 0.7.0 3.78 82.18 85.96 NOTE
r-devel-linux-x86_64-fedora-clang 0.7.0 139.11 NOTE
r-devel-linux-x86_64-fedora-gcc 0.7.0 128.13 NOTE
r-devel-windows-x86_64-new-UL 0.7.0 94.00 141.00 235.00 NOTE
r-devel-windows-x86_64-new-TK 0.7.0 NOTE
r-patched-linux-x86_64 0.7.0 5.77 102.93 108.70 NOTE
r-release-linux-x86_64 0.7.0 3.55 102.64 106.19 NOTE
r-release-macos-arm64 0.7.0 NOTE
r-release-macos-x86_64 0.7.0 NOTE
r-release-windows-ix86+x86_64 0.7.0 14.00 132.00 146.00 NOTE
r-oldrel-macos-x86_64 0.7.0 NOTE
r-oldrel-windows-ix86+x86_64 0.7.0 14.00 127.00 141.00 OK

Check Details

Version: 0.7.0
Check: LazyData
Result: NOTE
     'LazyData' is specified without a 'data' directory
Flavors: r-devel-linux-x86_64-debian-clang, r-devel-linux-x86_64-debian-gcc, r-devel-linux-x86_64-fedora-clang, r-devel-linux-x86_64-fedora-gcc, r-devel-windows-x86_64-new-UL, r-devel-windows-x86_64-new-TK, r-patched-linux-x86_64, r-release-linux-x86_64, r-release-macos-arm64, r-release-macos-x86_64, r-release-windows-ix86+x86_64

Version: 0.7.0
Check: dependencies in R code
Result: NOTE
    Namespace in Imports field not imported from: ‘betareg’
     All declared Imports should be used.
Flavors: r-devel-linux-x86_64-fedora-clang, r-devel-linux-x86_64-fedora-gcc, r-devel-windows-x86_64-new-TK, r-release-macos-arm64, r-release-macos-x86_64, r-oldrel-macos-x86_64