CRAN Package Check Results for Package MatchIt

Last updated on 2021-12-02 22:55:58 CET.

Flavor Version Tinstall Tcheck Ttotal Status Flags
r-devel-linux-x86_64-debian-clang 4.3.2 65.89 214.26 280.15 NOTE
r-devel-linux-x86_64-debian-gcc 4.3.2 46.12 157.99 204.11 NOTE
r-devel-linux-x86_64-fedora-clang 4.3.2 383.38 NOTE
r-devel-linux-x86_64-fedora-gcc 4.3.2 348.20 NOTE
r-devel-windows-x86_64-new-UL 4.3.2 58.00 278.00 336.00 NOTE
r-devel-windows-x86_64-new-TK 4.3.2 NOTE
r-devel-windows-x86_64-old 4.3.2 89.00 221.00 310.00 NOTE
r-patched-linux-x86_64 4.3.2 57.55 213.37 270.92 NOTE
r-patched-solaris-x86 4.3.2 204.20 NOTE
r-release-linux-x86_64 4.3.2 59.32 212.10 271.42 NOTE
r-release-macos-arm64 4.3.2 NOTE
r-release-macos-x86_64 4.3.2 NOTE
r-release-windows-ix86+x86_64 4.3.2 115.00 325.00 440.00 NOTE
r-oldrel-macos-x86_64 4.3.2 NOTE
r-oldrel-windows-ix86+x86_64 4.3.2 161.00 339.00 500.00 NOTE

Check Details

Version: 4.3.2
Check: package dependencies
Result: NOTE
    Package suggested but not available for checking: 'gurobi'
Flavors: r-devel-linux-x86_64-debian-clang, r-devel-linux-x86_64-debian-gcc, r-devel-linux-x86_64-fedora-clang, r-devel-linux-x86_64-fedora-gcc, r-devel-windows-x86_64-new-UL, r-devel-windows-x86_64-new-TK, r-devel-windows-x86_64-old, r-patched-linux-x86_64, r-release-linux-x86_64, r-release-macos-arm64, r-release-macos-x86_64, r-release-windows-ix86+x86_64, r-oldrel-macos-x86_64, r-oldrel-windows-ix86+x86_64

Version: 4.3.2
Check: package dependencies
Result: NOTE
    Packages suggested but not available for checking: 'Rsymphony', 'gurobi'
Flavor: r-patched-solaris-x86

Version: 4.3.2
Check: installed package size
Result: NOTE
     installed size is 5.2Mb
     sub-directories of 1Mb or more:
     doc 1.5Mb
     libs 2.8Mb
Flavor: r-release-macos-arm64