CRAN Package Check Results for Package MazamaLocationUtils

Last updated on 2021-12-05 22:48:57 CET.

Flavor Version Tinstall Tcheck Ttotal Status Flags
r-devel-linux-x86_64-debian-clang 0.2.7 9.25 93.57 102.82 OK
r-devel-linux-x86_64-debian-gcc 0.2.7 6.47 72.48 78.95 OK
r-devel-linux-x86_64-fedora-clang 0.2.7 127.77 NOTE
r-devel-linux-x86_64-fedora-gcc 0.2.7 115.93 NOTE
r-devel-windows-x86_64-new-UL 0.2.7 28.00 184.00 212.00 OK
r-devel-windows-x86_64-new-TK 0.2.7 NOTE
r-devel-windows-x86_64-old 0.2.7 17.00 107.00 124.00 OK
r-patched-linux-x86_64 0.2.7 9.73 78.95 88.68 OK
r-release-linux-x86_64 0.2.7 8.44 86.51 94.95 OK
r-release-macos-arm64 0.2.7 NOTE
r-release-macos-x86_64 0.2.7 NOTE
r-release-windows-ix86+x86_64 0.2.7 39.00 167.00 206.00 OK
r-oldrel-macos-x86_64 0.2.7 NOTE
r-oldrel-windows-ix86+x86_64 0.2.7 36.00 168.00 204.00 OK

Check Details

Version: 0.2.7
Check: dependencies in R code
Result: NOTE
    Namespace in Imports field not imported from: ‘digest’
     All declared Imports should be used.
Flavors: r-devel-linux-x86_64-fedora-clang, r-devel-linux-x86_64-fedora-gcc, r-devel-windows-x86_64-new-TK, r-release-macos-arm64, r-release-macos-x86_64, r-oldrel-macos-x86_64