Last updated on 2022-05-17 22:51:32 CEST.
Flavor | Version | Tinstall | Tcheck | Ttotal | Status | Flags |
---|---|---|---|---|---|---|
r-devel-linux-x86_64-debian-clang | 0.1.0 | 3.71 | 43.54 | 47.25 | NOTE | |
r-devel-linux-x86_64-debian-gcc | 0.1.0 | 3.30 | 33.11 | 36.41 | NOTE | |
r-devel-linux-x86_64-fedora-clang | 0.1.0 | 57.10 | NOTE | |||
r-devel-linux-x86_64-fedora-gcc | 0.1.0 | 56.32 | NOTE | |||
r-devel-windows-x86_64 | 0.1.0 | 20.00 | 60.00 | 80.00 | NOTE | |
r-patched-linux-x86_64 | 0.1.0 | 3.76 | 42.69 | 46.45 | NOTE | |
r-release-linux-x86_64 | 0.1.0 | 4.05 | 41.14 | 45.19 | NOTE | |
r-release-macos-arm64 | 0.1.0 | 17.00 | NOTE | |||
r-release-macos-x86_64 | 0.1.0 | 26.00 | NOTE | |||
r-release-windows-x86_64 | 0.1.0 | 22.00 | 55.00 | 77.00 | NOTE | |
r-oldrel-macos-arm64 | 0.1.0 | 27.00 | NOTE | |||
r-oldrel-macos-x86_64 | 0.1.0 | 37.00 | NOTE | |||
r-oldrel-windows-ix86+x86_64 | 0.1.0 | 9.00 | 51.00 | 60.00 | NOTE |
Version: 0.1.0
Check: Rd files
Result: NOTE
checkRd: (7) Ra.Rd:33-39: \item in \describe must have non-empty label
checkRd: (7) Rn.Rd:58-59: \item in \describe must have non-empty label
checkRd: (7) Rn.Rd:60: \item in \describe must have non-empty label
checkRd: (7) Rn.Rd:61: \item in \describe must have non-empty label
checkRd: (7) Rns.Rd:22: \item in \describe must have non-empty label
checkRd: (7) Rso.Rd:34-41: \item in \describe must have non-empty label
checkRd: (7) Rso.Rd:42: \item in \describe must have non-empty label
checkRd: (7) estG.Rd:44-45: \item in \describe must have non-empty label
checkRd: (7) estG.Rd:46-53: \item in \describe must have non-empty label
checkRd: (7) estG.Rd:54-59: \item in \describe must have non-empty label
checkRd: (7) estP.Rd:23: \item in \describe must have non-empty label
checkRd: (7) estP.Rd:24: \item in \describe must have non-empty label
checkRd: (7) estP.Rd:25: \item in \describe must have non-empty label
checkRd: (7) estP.Rd:26: \item in \describe must have non-empty label
checkRd: (7) estP.Rd:27: \item in \describe must have non-empty label
checkRd: (7) estRs.Rd:32: \item in \describe must have non-empty label
checkRd: (7) estRs.Rd:33: \item in \describe must have non-empty label
checkRd: (7) w.Rd:21-27: \item in \describe must have non-empty label
Flavors: r-devel-linux-x86_64-debian-clang, r-devel-linux-x86_64-debian-gcc, r-devel-linux-x86_64-fedora-clang, r-devel-linux-x86_64-fedora-gcc, r-devel-windows-x86_64
Version: 0.1.0
Check: LazyData
Result: NOTE
'LazyData' is specified without a 'data' directory
Flavors: r-devel-linux-x86_64-debian-clang, r-devel-linux-x86_64-debian-gcc, r-devel-linux-x86_64-fedora-clang, r-devel-linux-x86_64-fedora-gcc, r-devel-windows-x86_64, r-patched-linux-x86_64, r-release-linux-x86_64, r-release-macos-arm64, r-release-macos-x86_64, r-release-windows-x86_64, r-oldrel-macos-arm64, r-oldrel-macos-x86_64, r-oldrel-windows-ix86+x86_64