CRAN Package Check Results for Package MedLEA

Last updated on 2021-11-26 23:03:30 CET.

Flavor Version Tinstall Tcheck Ttotal Status Flags
r-devel-linux-x86_64-debian-clang 1.0.1 2.08 26.70 28.78 OK
r-devel-linux-x86_64-debian-gcc 1.0.1 1.54 20.79 22.33 OK
r-devel-linux-x86_64-fedora-clang 1.0.1 46.26 NOTE
r-devel-linux-x86_64-fedora-gcc 1.0.1 34.53 NOTE
r-devel-windows-x86_64-new-UL 1.0.1 8.00 66.00 74.00 OK
r-devel-windows-x86_64-new-TK 1.0.1 NOTE
r-devel-windows-x86_64-old 1.0.1 5.00 40.00 45.00 OK
r-patched-linux-x86_64 1.0.1 2.22 25.45 27.67 OK
r-patched-solaris-x86 1.0.1 45.70 NOTE
r-release-linux-x86_64 1.0.1 OK
r-release-macos-arm64 1.0.1 NOTE
r-release-macos-x86_64 1.0.1 WARN
r-release-windows-ix86+x86_64 1.0.1 7.00 47.00 54.00 OK
r-oldrel-macos-x86_64 1.0.1 WARN
r-oldrel-windows-ix86+x86_64 1.0.1 7.00 42.00 49.00 OK

Check Details

Version: 1.0.1
Check: dependencies in R code
Result: NOTE
    Namespaces in Imports field not imported from:
     ‘patchwork’ ‘tidyverse’ ‘tm’ ‘wordcloud2’
     All declared Imports should be used.
Flavors: r-devel-linux-x86_64-fedora-clang, r-devel-linux-x86_64-fedora-gcc, r-devel-windows-x86_64-new-TK, r-patched-solaris-x86, r-release-macos-arm64, r-release-macos-x86_64, r-oldrel-macos-x86_64

Version: 1.0.1
Check: re-building of vignette outputs
Result: WARN
    Error(s) in re-building vignettes:
    --- re-building ‘MedLEA.Rmd’ using rmarkdown
    Warning in engine$weave(file, quiet = quiet, encoding = enc) :
     Pandoc (>= 1.12.3) not available. Falling back to R Markdown v1.
    ── Attaching packages ─────────────────────────────────────── tidyverse 1.3.1 ──
    ✔ ggplot2 3.3.3 ✔ purrr 0.3.4
    ✔ tibble 3.1.2 ✔ dplyr 1.0.6
    ✔ tidyr 1.1.3 ✔ stringr 1.4.0
    ✔ readr 1.4.0 ✔ forcats 0.5.1
    ── Conflicts ────────────────────────────────────────── tidyverse_conflicts() ──
    ✖ dplyr::filter() masks stats::filter()
    ✖ dplyr::lag() masks stats::lag()
    Loading required package: NLP
    
    Attaching package: 'NLP'
    
    The following object is masked from 'package:ggplot2':
    
     annotate
    
    Warning in tm_map.SimpleCorpus(., stripWhitespace) :
     transformation drops documents
    PhantomJS not found. You can install it with webshot::install_phantomjs(). If it is installed, please make sure the phantomjs executable can be found via the PATH variable.
    PhantomJS not found. You can install it with webshot::install_phantomjs(). If it is installed, please make sure the phantomjs executable can be found via the PATH variable.
    Quitting from lines 23-39 (MedLEA.Rmd)
    Error: processing vignette 'MedLEA.Rmd' failed with diagnostics:
    invalid 'path' argument
    --- failed re-building ‘MedLEA.Rmd’
    
    SUMMARY: processing the following file failed:
     ‘MedLEA.Rmd’
    
    Error: Vignette re-building failed.
    Execution halted
Flavor: r-release-macos-x86_64

Version: 1.0.1
Check: re-building of vignette outputs
Result: WARN
    Error(s) in re-building vignettes:
    --- re-building ‘MedLEA.Rmd’ using rmarkdown
    Warning in engine$weave(file, quiet = quiet, encoding = enc) :
     Pandoc (>= 1.12.3) and/or pandoc-citeproc not available. Falling back to R Markdown v1.
    ── Attaching packages ─────────────────────────────────────── tidyverse 1.3.0 ──
    ✔ ggplot2 3.3.3 ✔ purrr 0.3.4
    ✔ tibble 3.1.0 ✔ dplyr 1.0.5
    ✔ tidyr 1.1.3 ✔ stringr 1.4.0
    ✔ readr 1.4.0 ✔ forcats 0.5.1
    ── Conflicts ────────────────────────────────────────── tidyverse_conflicts() ──
    ✖ dplyr::filter() masks stats::filter()
    ✖ dplyr::lag() masks stats::lag()
    Loading required package: NLP
    
    Attaching package: 'NLP'
    
    The following object is masked from 'package:ggplot2':
    
     annotate
    
    Warning in tm_map.SimpleCorpus(., stripWhitespace) :
     transformation drops documents
    PhantomJS not found. You can install it with webshot::install_phantomjs(). If it is installed, please make sure the phantomjs executable can be found via the PATH variable.
    Quitting from lines 23-39 (MedLEA.Rmd)
    Error: processing vignette 'MedLEA.Rmd' failed with diagnostics:
    invalid 'path' argument
    --- failed re-building ‘MedLEA.Rmd’
    
    SUMMARY: processing the following file failed:
     ‘MedLEA.Rmd’
    
    Error: Vignette re-building failed.
    Execution halted
Flavor: r-oldrel-macos-x86_64