CRAN Package Check Results for Package MetabolicSurv

Last updated on 2022-01-27 23:01:08 CET.

Flavor Version Tinstall Tcheck Ttotal Status Flags
r-devel-linux-x86_64-debian-clang 1.1.2 22.09 206.47 228.56 OK
r-devel-linux-x86_64-debian-gcc 1.1.2 18.72 152.34 171.06 OK
r-devel-linux-x86_64-fedora-clang 1.1.2 264.96 OK
r-devel-linux-x86_64-fedora-gcc 1.1.2 262.20 OK
r-devel-windows-x86_64-new-UL 1.1.2 74.00 230.00 304.00 OK
r-devel-windows-x86_64-new-TK 1.1.2 ERROR
r-patched-linux-x86_64 1.1.2 23.95 185.01 208.96 OK
r-release-linux-x86_64 1.1.2 21.56 183.66 205.22 OK
r-release-macos-arm64 1.1.2 OK
r-release-macos-x86_64 1.1.2 OK
r-release-windows-ix86+x86_64 1.1.2 45.00 224.00 269.00 OK

Check Details

Version: 1.1.2
Check: package dependencies
Result: ERROR
    Package required but not available: 'survminer'
    
    See section 'The DESCRIPTION file' in the 'Writing R Extensions'
    manual.
Flavor: r-devel-windows-x86_64-new-TK