CRAN Package Check Results for Package MixSIAR

Last updated on 2022-01-23 22:49:46 CET.

Flavor Version Tinstall Tcheck Ttotal Status Flags
r-devel-linux-x86_64-debian-clang 3.1.12 7.65 92.48 100.13 NOTE
r-devel-linux-x86_64-debian-gcc 3.1.12 6.98 75.86 82.84 NOTE
r-devel-linux-x86_64-fedora-clang 3.1.12 121.30 NOTE
r-devel-linux-x86_64-fedora-gcc 3.1.12 127.60 NOTE
r-devel-windows-x86_64-new-UL 3.1.12 67.00 132.00 199.00 NOTE
r-devel-windows-x86_64-new-TK 3.1.12 NOTE
r-patched-linux-x86_64 3.1.12 6.67 82.31 88.98 NOTE
r-release-linux-x86_64 3.1.12 6.05 82.77 88.82 NOTE
r-release-macos-arm64 3.1.12 NOTE
r-release-macos-x86_64 3.1.12 NOTE
r-release-windows-ix86+x86_64 3.1.12 15.00 111.00 126.00 NOTE
r-oldrel-macos-x86_64 3.1.12 OK
r-oldrel-windows-ix86+x86_64 3.1.12 14.00 106.00 120.00 OK

Check Details

Version: 3.1.12
Check: LazyData
Result: NOTE
     'LazyData' is specified without a 'data' directory
Flavors: r-devel-linux-x86_64-debian-clang, r-devel-linux-x86_64-debian-gcc, r-devel-linux-x86_64-fedora-clang, r-devel-linux-x86_64-fedora-gcc, r-devel-windows-x86_64-new-UL, r-devel-windows-x86_64-new-TK, r-patched-linux-x86_64, r-release-linux-x86_64, r-release-macos-arm64, r-release-macos-x86_64, r-release-windows-ix86+x86_64