CRAN Package Check Results for Package MixTwice

Last updated on 2024-05-17 22:56:49 CEST.

Flavor Version Tinstall Tcheck Ttotal Status Flags
r-devel-linux-x86_64-debian-clang 2.0 2.14 28.07 30.21 OK
r-devel-linux-x86_64-debian-gcc 2.0 2.00 21.26 23.26 OK
r-devel-linux-x86_64-fedora-clang 2.0 38.56 NOTE
r-devel-linux-x86_64-fedora-gcc 2.0 40.10 NOTE
r-devel-windows-x86_64 2.0 3.00 45.00 48.00 OK
r-patched-linux-x86_64 2.0 3.08 27.05 30.13 OK
r-release-linux-x86_64 2.0 2.82 26.75 29.57 OK
r-release-macos-arm64 2.0 17.00 OK
r-release-windows-x86_64 2.0 4.00 46.00 50.00 OK
r-oldrel-macos-arm64 2.0 19.00 OK
r-oldrel-macos-x86_64 2.0 23.00 OK
r-oldrel-windows-x86_64 2.0 4.00 46.00 50.00 OK

Check Details

Version: 2.0
Check: dependencies in R code
Result: NOTE Namespaces in Imports field not imported from: ‘ashr’ ‘fdrtool’ All declared Imports should be used. Flavors: r-devel-linux-x86_64-fedora-clang, r-devel-linux-x86_64-fedora-gcc