CRAN Package Check Results for Package MobileTrigger

Last updated on 2022-01-16 22:51:19 CET.

Flavor Version Tinstall Tcheck Ttotal Status Flags
r-devel-linux-x86_64-debian-clang 0.0.31 14.99 123.81 138.80 NOTE
r-devel-linux-x86_64-debian-gcc 0.0.31 13.19 107.03 120.22 NOTE
r-devel-linux-x86_64-fedora-clang 0.0.31 165.94 NOTE
r-devel-linux-x86_64-fedora-gcc 0.0.31 161.53 NOTE
r-devel-windows-x86_64-new-UL 0.0.31 34.00 141.00 175.00 NOTE
r-devel-windows-x86_64-new-TK 0.0.31 NOTE
r-patched-linux-x86_64 0.0.31 11.41 117.87 129.28 NOTE
r-release-linux-x86_64 0.0.31 NOTE
r-release-macos-arm64 0.0.31 NOTE
r-release-macos-x86_64 0.0.31 NOTE
r-release-windows-ix86+x86_64 0.0.31 34.00 136.00 170.00 NOTE
r-oldrel-macos-x86_64 0.0.31 NOTE
r-oldrel-windows-ix86+x86_64 0.0.31 34.00 140.00 174.00 OK

Check Details

Version: 0.0.31
Check: LazyData
Result: NOTE
     'LazyData' is specified without a 'data' directory
Flavors: r-devel-linux-x86_64-debian-clang, r-devel-linux-x86_64-debian-gcc, r-devel-linux-x86_64-fedora-clang, r-devel-linux-x86_64-fedora-gcc, r-devel-windows-x86_64-new-UL, r-devel-windows-x86_64-new-TK, r-patched-linux-x86_64, r-release-linux-x86_64, r-release-macos-arm64, r-release-macos-x86_64, r-release-windows-ix86+x86_64

Version: 0.0.31
Check: dependencies in R code
Result: NOTE
    Namespace in Imports field not imported from: ‘ggplot2’
     All declared Imports should be used.
Flavors: r-devel-linux-x86_64-fedora-clang, r-devel-linux-x86_64-fedora-gcc, r-devel-windows-x86_64-new-TK, r-release-macos-x86_64, r-oldrel-macos-x86_64