CRAN Package Check Results for Package ModStatR

Last updated on 2022-01-17 22:54:43 CET.

Flavor Version Tinstall Tcheck Ttotal Status Flags
r-devel-linux-x86_64-debian-clang 1.3.1 6.35 44.84 51.19 OK
r-devel-linux-x86_64-debian-gcc 1.3.1 6.66 35.54 42.20 OK
r-devel-linux-x86_64-fedora-clang 1.3.1 65.68 NOTE
r-devel-linux-x86_64-fedora-gcc 1.3.1 56.15 NOTE
r-devel-windows-x86_64-new-UL 1.3.1 57.00 64.00 121.00 OK
r-devel-windows-x86_64-new-TK 1.3.1 NOTE
r-patched-linux-x86_64 1.3.1 5.46 42.96 48.42 OK
r-release-linux-x86_64 1.3.1 OK
r-release-macos-arm64 1.3.1 NOTE
r-release-macos-x86_64 1.3.1 NOTE
r-release-windows-ix86+x86_64 1.3.1 15.00 54.00 69.00 OK
r-oldrel-macos-x86_64 1.3.1 NOTE
r-oldrel-windows-ix86+x86_64 1.3.1 17.00 58.00 75.00 OK

Check Details

Version: 1.3.1
Check: data for non-ASCII characters
Result: NOTE
     Note: found 20578 marked UTF-8 strings
Flavors: r-devel-linux-x86_64-fedora-clang, r-devel-linux-x86_64-fedora-gcc, r-devel-windows-x86_64-new-TK, r-release-macos-arm64, r-release-macos-x86_64, r-oldrel-macos-x86_64

Version: 1.3.1
Check: installed package size
Result: NOTE
     installed size is 5.3Mb
     sub-directories of 1Mb or more:
     data 5.0Mb
Flavor: r-release-macos-arm64