CRAN Package Check Results for Package MortalityTables

Last updated on 2022-01-28 23:00:43 CET.

Flavor Version Tinstall Tcheck Ttotal Status Flags
r-devel-linux-x86_64-debian-clang 2.0.3 9.33 160.52 169.85 OK
r-devel-linux-x86_64-debian-gcc 2.0.3 7.98 116.73 124.71 OK
r-devel-linux-x86_64-fedora-clang 2.0.3 210.06 OK
r-devel-linux-x86_64-fedora-gcc 2.0.3 199.59 OK
r-devel-windows-x86_64-new-UL 2.0.3 506.00 245.00 751.00 OK
r-devel-windows-x86_64-new-TK 2.0.3 OK
r-patched-linux-x86_64 2.0.3 11.77 117.55 129.32 OK
r-release-linux-x86_64 2.0.3 8.93 119.51 128.44 OK
r-release-macos-arm64 2.0.3 OK
r-release-macos-x86_64 2.0.3 WARN
r-release-windows-ix86+x86_64 2.0.3 23.00 148.00 171.00 OK
r-oldrel-macos-x86_64 2.0.3 WARN
r-oldrel-windows-ix86+x86_64 2.0.3 22.00 150.00 172.00 OK

Check Details

Version: 2.0.3
Check: re-building of vignette outputs
Result: WARN
    Error(s) in re-building vignettes:
     ...
    --- re-building ‘international-mortality-tables-overview.Rmd’ using rmarkdown
    Warning in engine$weave(file, quiet = quiet, encoding = enc) :
     Pandoc (>= 1.12.3) not available. Falling back to R Markdown v1.
    Quitting from lines 235-237 (international-mortality-tables-overview.Rmd)
    Error: processing vignette 'international-mortality-tables-overview.Rmd' failed with diagnostics:
    could not find function "whittaker"
    --- failed re-building ‘international-mortality-tables-overview.Rmd’
    
    --- re-building ‘using-the-mortalityTables-package.Rmd’ using rmarkdown
    Warning in engine$weave(file, quiet = quiet, encoding = enc) :
     Pandoc (>= 1.12.3) not available. Falling back to R Markdown v1.
    Loading required package: ggplot2
    --- finished re-building ‘using-the-mortalityTables-package.Rmd’
    
    SUMMARY: processing the following file failed:
     ‘international-mortality-tables-overview.Rmd’
    
    Error: Vignette re-building failed.
    Execution halted
Flavors: r-release-macos-x86_64, r-oldrel-macos-x86_64