CRAN Package Check Results for Package MuMIn

Last updated on 2022-01-24 22:56:34 CET.

Flavor Version Tinstall Tcheck Ttotal Status Flags
r-devel-linux-x86_64-debian-clang 1.43.17 15.14 175.62 190.76 OK
r-devel-linux-x86_64-debian-gcc 1.43.17 13.78 132.49 146.27 OK
r-devel-linux-x86_64-fedora-clang 1.43.17 236.71 NOTE
r-devel-linux-x86_64-fedora-gcc 1.43.17 233.02 OK
r-devel-windows-x86_64-new-UL 1.43.17 120.00 208.00 328.00 OK
r-devel-windows-x86_64-new-TK 1.43.17 NOTE
r-patched-linux-x86_64 1.43.17 18.14 171.38 189.52 OK
r-release-linux-x86_64 1.43.17 16.52 168.50 185.02 OK
r-release-macos-arm64 1.43.17 OK
r-release-macos-x86_64 1.43.17 OK
r-release-windows-ix86+x86_64 1.43.17 32.00 199.00 231.00 OK
r-oldrel-macos-x86_64 1.43.17 OK
r-oldrel-windows-ix86+x86_64 1.43.17 32.00 206.00 238.00 OK

Check Details

Version: 1.43.17
Check: Rd cross-references
Result: NOTE
    Undeclared packages ‘AICcmodavg’, ‘bbmle’, ‘glmulti’, ‘arm’, ‘wgeesel’, ‘ape’, ‘bestglm’, ‘leaps’, ‘glmmTMB’, ‘brglm’, ‘quantreg’, ‘maxlike’, ‘RMark’ in Rd xrefs
Flavor: r-devel-linux-x86_64-fedora-clang

Version: 1.43.17
Check: package dependencies
Result: NOTE
    Packages suggested but not available for checking: 'lme4', 'gamm4'
    
    Packages which this enhances but not available for checking:
     'aods3', 'unmarked'
Flavor: r-devel-windows-x86_64-new-TK

Version: 1.43.17
Check: Rd cross-references
Result: NOTE
    Packages unavailable to check Rd xrefs: 'AICcmodavg', 'arm', 'lme4', 'gamm4', 'glmmTMB', 'aods3'
Flavor: r-devel-windows-x86_64-new-TK