Last updated on 2023-09-21 23:03:25 CEST.
Flavor | Version | Tinstall | Tcheck | Ttotal | Status | Flags |
---|---|---|---|---|---|---|
r-devel-linux-x86_64-debian-clang | 1.47.5 | 22.76 | 192.17 | 214.93 | OK | |
r-devel-linux-x86_64-debian-gcc | 1.47.5 | 14.46 | 145.20 | 159.66 | OK | |
r-devel-linux-x86_64-fedora-clang | 1.47.5 | 271.25 | NOTE | |||
r-devel-linux-x86_64-fedora-gcc | 1.47.5 | 262.58 | OK | |||
r-devel-windows-x86_64 | 1.47.5 | 18.00 | 166.00 | 184.00 | OK | |
r-patched-linux-x86_64 | 1.47.5 | 20.68 | 189.62 | 210.30 | OK | |
r-release-linux-x86_64 | 1.47.5 | 20.01 | 189.07 | 209.08 | OK | |
r-release-macos-arm64 | 1.47.5 | 73.00 | OK | |||
r-release-macos-x86_64 | 1.47.5 | 133.00 | OK | |||
r-release-windows-x86_64 | 1.47.5 | 23.00 | 207.00 | 230.00 | OK | |
r-oldrel-macos-arm64 | 1.47.5 | 69.00 | OK | |||
r-oldrel-macos-x86_64 | 1.47.5 | 97.00 | OK | |||
r-oldrel-windows-x86_64 | 1.47.5 | 24.00 | 204.00 | 228.00 | OK |
Version: 1.47.5
Check: Rd cross-references
Result: NOTE
Undeclared packages ‘AICcmodavg’, ‘bbmle’, ‘glmulti’, ‘arm’, ‘performance’, ‘wgeesel’, ‘ape’, ‘bestglm’, ‘leaps’, ‘glmmTMB’, ‘brglm’, ‘quantreg’, ‘maxlike’, ‘RMark’ in Rd xrefs
Flavor: r-devel-linux-x86_64-fedora-clang