CRAN Package Check Results for Package MultiBD

Last updated on 2022-01-22 22:52:18 CET.

Flavor Version Tinstall Tcheck Ttotal Status Flags
r-devel-linux-x86_64-debian-clang 0.2.0 104.05 155.98 260.03 OK
r-devel-linux-x86_64-debian-gcc 0.2.0 68.22 112.97 181.19 OK
r-devel-linux-x86_64-fedora-clang 0.2.0 346.17 NOTE
r-devel-linux-x86_64-fedora-gcc 0.2.0 344.73 NOTE
r-devel-windows-x86_64-new-UL 0.2.0 102.00 185.00 287.00 OK
r-devel-windows-x86_64-new-TK 0.2.0 OK
r-patched-linux-x86_64 0.2.0 88.29 162.39 250.68 OK
r-release-linux-x86_64 0.2.0 89.02 163.11 252.13 OK
r-release-macos-arm64 0.2.0 NOTE
r-release-macos-x86_64 0.2.0 NOTE
r-release-windows-ix86+x86_64 0.2.0 260.00 179.00 439.00 OK
r-oldrel-macos-x86_64 0.2.0 NOTE
r-oldrel-windows-ix86+x86_64 0.2.0 261.00 174.00 435.00 OK

Check Details

Version: 0.2.0
Check: installed package size
Result: NOTE
     installed size is 5.2Mb
     sub-directories of 1Mb or more:
     libs 3.6Mb
Flavors: r-devel-linux-x86_64-fedora-clang, r-release-macos-arm64, r-release-macos-x86_64, r-oldrel-macos-x86_64

Version: 0.2.0
Check: compiled code
Result: NOTE
    File ‘MultiBD/libs/MultiBD.so’:
     Found no calls to: ‘R_registerRoutines’, ‘R_useDynamicSymbols’
    
    It is good practice to register native routines and to disable symbol
    search.
    
    See ‘Writing portable packages’ in the ‘Writing R Extensions’ manual.
Flavors: r-devel-linux-x86_64-fedora-clang, r-devel-linux-x86_64-fedora-gcc