Last updated on 2022-06-29 23:09:37 CEST.
Flavor | Version | Tinstall | Tcheck | Ttotal | Status | Flags |
---|---|---|---|---|---|---|
r-devel-linux-x86_64-debian-clang | 0.1.0 | 16.25 | 161.83 | 178.08 | OK | |
r-devel-linux-x86_64-debian-gcc | 0.1.0 | 12.85 | 120.64 | 133.49 | OK | |
r-devel-linux-x86_64-fedora-clang | 0.1.0 | 214.48 | WARN | |||
r-devel-linux-x86_64-fedora-gcc | 0.1.0 | 207.82 | WARN | |||
r-devel-windows-x86_64 | 0.1.0 | 28.00 | 185.00 | 213.00 | OK | |
r-patched-linux-x86_64 | 0.1.0 | 11.11 | 150.10 | 161.21 | OK | |
r-release-linux-x86_64 | 0.1.0 | 11.65 | 151.10 | 162.75 | OK | |
r-release-macos-arm64 | 0.1.0 | 66.00 | NOTE | |||
r-release-macos-x86_64 | 0.1.0 | 128.00 | NOTE | |||
r-release-windows-x86_64 | 0.1.0 | 25.00 | 180.00 | 205.00 | OK | |
r-oldrel-macos-arm64 | 0.1.0 | 63.00 | NOTE | |||
r-oldrel-macos-x86_64 | 0.1.0 | 87.00 | NOTE | |||
r-oldrel-windows-ix86+x86_64 | 0.1.0 | 35.00 | 182.00 | 217.00 | OK |
Version: 0.1.0
Check: package dependencies
Result: WARN
Requires (indirectly) orphaned package: ‘gtools’
Flavors: r-devel-linux-x86_64-fedora-clang, r-devel-linux-x86_64-fedora-gcc
Version: 0.1.0
Check: dependencies in R code
Result: NOTE
Namespace in Imports field not imported from: ‘plsgenomics’
All declared Imports should be used.
Flavors: r-devel-linux-x86_64-fedora-clang, r-devel-linux-x86_64-fedora-gcc, r-release-macos-arm64, r-release-macos-x86_64, r-oldrel-macos-arm64, r-oldrel-macos-x86_64