CRAN Package Check Results for Package MultiKink

Last updated on 2022-01-15 21:52:18 CET.

Flavor Version Tinstall Tcheck Ttotal Status Flags
r-devel-linux-x86_64-debian-clang 0.1.0 15.38 153.94 169.32 OK
r-devel-linux-x86_64-debian-gcc 0.1.0 11.85 116.80 128.65 OK
r-devel-linux-x86_64-fedora-clang 0.1.0 208.66 NOTE
r-devel-linux-x86_64-fedora-gcc 0.1.0 203.71 NOTE
r-devel-windows-x86_64-new-UL 0.1.0 26.00 165.00 191.00 OK
r-devel-windows-x86_64-new-TK 0.1.0 NOTE
r-patched-linux-x86_64 0.1.0 14.99 145.50 160.49 OK
r-release-linux-x86_64 0.1.0 11.76 146.10 157.86 OK
r-release-macos-arm64 0.1.0 NOTE
r-release-macos-x86_64 0.1.0 NOTE
r-release-windows-ix86+x86_64 0.1.0 36.00 172.00 208.00 OK
r-oldrel-macos-x86_64 0.1.0 NOTE
r-oldrel-windows-ix86+x86_64 0.1.0 36.00 172.00 208.00 OK

Check Details

Version: 0.1.0
Check: dependencies in R code
Result: NOTE
    Namespace in Imports field not imported from: ‘MASS’
     All declared Imports should be used.
Flavors: r-devel-linux-x86_64-fedora-clang, r-devel-linux-x86_64-fedora-gcc, r-devel-windows-x86_64-new-TK, r-release-macos-arm64, r-release-macos-x86_64, r-oldrel-macos-x86_64