CRAN Package Check Results for Package MultiVarSel

Last updated on 2022-01-27 23:01:09 CET.

Flavor Version Tinstall Tcheck Ttotal Status Flags
r-devel-linux-x86_64-debian-clang 1.1.3 6.98 81.79 88.77 OK
r-devel-linux-x86_64-debian-gcc 1.1.3 7.44 63.54 70.98 OK
r-devel-linux-x86_64-fedora-clang 1.1.3 104.95 NOTE
r-devel-linux-x86_64-fedora-gcc 1.1.3 98.23 NOTE
r-devel-windows-x86_64-new-UL 1.1.3 43.00 98.00 141.00 OK
r-devel-windows-x86_64-new-TK 1.1.3 NOTE
r-patched-linux-x86_64 1.1.3 7.27 75.66 82.93 OK
r-release-linux-x86_64 1.1.3 5.24 76.25 81.49 OK
r-release-macos-arm64 1.1.3 NOTE
r-release-macos-x86_64 1.1.3 NOTE
r-release-windows-ix86+x86_64 1.1.3 18.00 89.00 107.00 OK
r-oldrel-macos-x86_64 1.1.3 NOTE
r-oldrel-windows-ix86+x86_64 1.1.3 18.00 91.00 109.00 OK

Check Details

Version: 1.1.3
Check: data for non-ASCII characters
Result: NOTE
     Note: found 6 marked UTF-8 strings
Flavors: r-devel-linux-x86_64-fedora-clang, r-devel-linux-x86_64-fedora-gcc, r-devel-windows-x86_64-new-TK, r-release-macos-arm64, r-release-macos-x86_64, r-oldrel-macos-x86_64