CRAN Package Check Results for Package NADA2

Last updated on 2024-02-26 23:03:46 CET.

Flavor Version Tinstall Tcheck Ttotal Status Flags
r-devel-linux-x86_64-debian-clang 1.1.5 17.60 542.01 559.61 OK
r-devel-linux-x86_64-debian-gcc 1.1.5 15.32 455.72 471.04 OK
r-devel-linux-x86_64-fedora-clang 1.1.6 723.80 NOTE
r-devel-linux-x86_64-fedora-gcc 1.1.5 760.10 NOTE
r-devel-windows-x86_64 1.1.5 19.00 431.00 450.00 OK
r-patched-linux-x86_64 1.1.5 17.88 587.97 605.85 OK
r-release-linux-x86_64 1.1.5 15.67 596.82 612.49 OK
r-release-macos-arm64 1.1.6 164.00 OK
r-release-macos-x86_64 1.1.6 237.00 OK
r-release-windows-x86_64 1.1.5 25.00 583.00 608.00 OK
r-oldrel-macos-arm64 1.1.6 168.00 OK
r-oldrel-windows-x86_64 1.1.5 24.00 590.00 614.00 OK

Check Details

Version: 1.1.6
Check: dependencies in R code
Result: NOTE Namespaces in Imports field not imported from: ‘Kendall’ ‘perm’ All declared Imports should be used. Flavor: r-devel-linux-x86_64-fedora-clang

Version: 1.1.6
Check: data for non-ASCII characters
Result: NOTE Note: found 63 marked UTF-8 strings Flavor: r-devel-linux-x86_64-fedora-clang

Version: 1.1.5
Check: dependencies in R code
Result: NOTE Namespaces in Imports field not imported from: ‘Kendall’ ‘perm’ All declared Imports should be used. Flavor: r-devel-linux-x86_64-fedora-gcc

Version: 1.1.5
Check: data for non-ASCII characters
Result: NOTE Note: found 63 marked UTF-8 strings Flavor: r-devel-linux-x86_64-fedora-gcc