CRAN Package Check Results for Package NBDesign

Last updated on 2022-01-15 21:52:18 CET.

Flavor Version Tinstall Tcheck Ttotal Status Flags
r-devel-linux-x86_64-debian-clang 2.0.0 6.57 68.74 75.31 NOTE
r-devel-linux-x86_64-debian-gcc 2.0.0 5.60 53.53 59.13 NOTE
r-devel-linux-x86_64-fedora-clang 2.0.0 94.42 NOTE
r-devel-linux-x86_64-fedora-gcc 2.0.0 87.24 NOTE
r-devel-windows-x86_64-new-UL 2.0.0 24.00 89.00 113.00 NOTE
r-devel-windows-x86_64-new-TK 2.0.0 NOTE
r-patched-linux-x86_64 2.0.0 7.04 68.21 75.25 NOTE
r-release-linux-x86_64 2.0.0 6.89 66.95 73.84 NOTE
r-release-macos-arm64 2.0.0 NOTE
r-release-macos-x86_64 2.0.0 NOTE
r-release-windows-ix86+x86_64 2.0.0 16.00 79.00 95.00 NOTE
r-oldrel-macos-x86_64 2.0.0 OK
r-oldrel-windows-ix86+x86_64 2.0.0 16.00 79.00 95.00 OK

Check Details

Version: 2.0.0
Check: LazyData
Result: NOTE
     'LazyData' is specified without a 'data' directory
Flavors: r-devel-linux-x86_64-debian-clang, r-devel-linux-x86_64-debian-gcc, r-devel-linux-x86_64-fedora-clang, r-devel-linux-x86_64-fedora-gcc, r-devel-windows-x86_64-new-UL, r-devel-windows-x86_64-new-TK, r-patched-linux-x86_64, r-release-linux-x86_64, r-release-macos-arm64, r-release-macos-x86_64, r-release-windows-ix86+x86_64