CRAN Package Check Results for Package NFCP

Last updated on 2022-01-21 23:01:57 CET.

Flavor Version Tinstall Tcheck Ttotal Status Flags
r-devel-linux-x86_64-debian-clang 1.2.0 5.13 113.22 118.35 OK
r-devel-linux-x86_64-debian-gcc 1.2.0 3.66 84.68 88.34 OK
r-devel-linux-x86_64-fedora-clang 1.2.0 142.18 NOTE
r-devel-linux-x86_64-fedora-gcc 1.2.0 137.88 NOTE
r-devel-windows-x86_64-new-UL 1.2.0 25.00 136.00 161.00 OK
r-devel-windows-x86_64-new-TK 1.2.0 NOTE
r-patched-linux-x86_64 1.2.0 4.43 108.63 113.06 OK
r-release-linux-x86_64 1.2.0 3.56 107.44 111.00 OK
r-release-macos-arm64 1.2.0 NOTE
r-release-macos-x86_64 1.2.0 NOTE
r-release-windows-ix86+x86_64 1.2.0 8.00 138.00 146.00 OK
r-oldrel-macos-x86_64 1.2.0 NOTE
r-oldrel-windows-ix86+x86_64 1.2.0 9.00 132.00 141.00 OK

Check Details

Version: 1.2.0
Check: dependencies in R code
Result: NOTE
    Namespaces in Imports field not imported from:
     ‘Rdpack’ ‘curl’ ‘mathjaxr’
     All declared Imports should be used.
Flavors: r-devel-linux-x86_64-fedora-clang, r-devel-linux-x86_64-fedora-gcc, r-devel-windows-x86_64-new-TK, r-release-macos-arm64, r-release-macos-x86_64, r-oldrel-macos-x86_64