CRAN Package Check Results for Package NMAoutlier

Last updated on 2022-01-28 23:00:44 CET.

Flavor Version Tinstall Tcheck Ttotal Status Flags
r-devel-linux-x86_64-debian-clang 0.1.18 14.68 136.30 150.98 OK
r-devel-linux-x86_64-debian-gcc 0.1.18 12.94 100.60 113.54 OK
r-devel-linux-x86_64-fedora-clang 0.1.18 168.91 OK
r-devel-linux-x86_64-fedora-gcc 0.1.18 160.51 OK
r-devel-windows-x86_64-new-UL 0.1.18 71.00 148.00 219.00 OK
r-devel-windows-x86_64-new-TK 0.1.18 ERROR
r-patched-linux-x86_64 0.1.18 15.11 118.63 133.74 OK
r-release-linux-x86_64 0.1.18 13.43 120.02 133.45 OK
r-release-macos-arm64 0.1.18 OK
r-release-macos-x86_64 0.1.18 OK
r-release-windows-ix86+x86_64 0.1.18 31.00 139.00 170.00 OK
r-oldrel-macos-x86_64 0.1.18 OK
r-oldrel-windows-ix86+x86_64 0.1.18 31.00 134.00 165.00 OK

Check Details

Version: 0.1.18
Check: package dependencies
Result: ERROR
    Packages required but not available: 'netmeta', 'meta'
    
    See section 'The DESCRIPTION file' in the 'Writing R Extensions'
    manual.
Flavor: r-devel-windows-x86_64-new-TK