CRAN Package Check Results for Package NMF

Last updated on 2022-01-19 22:50:48 CET.

Flavor Version Tinstall Tcheck Ttotal Status Flags
r-devel-linux-x86_64-debian-clang 0.23.0 NOTE
r-devel-linux-x86_64-debian-gcc 0.23.0 26.44 471.11 497.55 NOTE
r-devel-linux-x86_64-fedora-clang 0.23.0 835.36 NOTE
r-devel-linux-x86_64-fedora-gcc 0.23.0 869.88 NOTE
r-devel-windows-x86_64-new-UL 0.23.0 254.00 731.00 985.00 OK
r-devel-windows-x86_64-new-TK 0.23.0 NOTE
r-patched-linux-x86_64 0.23.0 40.79 586.70 627.49 NOTE
r-release-linux-x86_64 0.23.0 NOTE
r-release-macos-arm64 0.23.0 NOTE
r-release-macos-x86_64 0.23.0 NOTE
r-release-windows-ix86+x86_64 0.23.0 63.00 784.00 847.00 OK
r-oldrel-macos-x86_64 0.23.0 NOTE
r-oldrel-windows-ix86+x86_64 0.23.0 65.00 848.00 913.00 OK

Check Details

Version: 0.23.0
Check: package dependencies
Result: NOTE
    Suggests orphaned package: 'bibtex'
Flavors: r-devel-linux-x86_64-debian-clang, r-devel-linux-x86_64-debian-gcc, r-devel-linux-x86_64-fedora-clang, r-patched-linux-x86_64, r-release-linux-x86_64

Version: 0.23.0
Check: dependencies in R code
Result: NOTE
    Namespace in Imports field not imported from: ‘BiocManager’
     All declared Imports should be used.
Flavors: r-devel-linux-x86_64-fedora-clang, r-devel-linux-x86_64-fedora-gcc, r-devel-windows-x86_64-new-TK, r-release-macos-arm64, r-release-macos-x86_64, r-oldrel-macos-x86_64

Version: 0.23.0
Check: package dependencies
Result: NOTE
    Package suggested but not available for checking: ‘doMPI’
Flavors: r-release-macos-arm64, r-release-macos-x86_64, r-oldrel-macos-x86_64