CRAN Package Check Results for Package NPHazardRate

Last updated on 2024-02-29 22:58:52 CET.

Flavor Version Tinstall Tcheck Ttotal Status Flags
r-devel-linux-x86_64-debian-clang 0.1 8.29 73.93 82.22 NOTE
r-devel-linux-x86_64-debian-gcc 0.1 6.36 55.42 61.78 NOTE
r-devel-linux-x86_64-fedora-clang 0.1 98.95 NOTE
r-devel-linux-x86_64-fedora-gcc 0.1 102.24 NOTE
r-devel-windows-x86_64 0.1 7.00 73.00 80.00 OK
r-patched-linux-x86_64 0.1 8.25 71.87 80.12 OK
r-release-linux-x86_64 0.1 8.46 72.50 80.96 OK
r-release-macos-arm64 0.1 38.00 OK
r-release-macos-x86_64 0.1 54.00 OK
r-release-windows-x86_64 0.1 10.00 86.00 96.00 OK
r-oldrel-macos-arm64 0.1 30.00 OK
r-oldrel-windows-x86_64 0.1 10.00 93.00 103.00 OK

Check Details

Version: 0.1
Check: Rd files
Result: NOTE checkRd: (-1) DiscHazRateAuxFunctions.Rd:46: Lost braces in \itemize; meant \describe ? checkRd: (-1) DiscHazRateAuxFunctions.Rd:47: Lost braces in \itemize; meant \describe ? checkRd: (-1) DiscHazRateAuxFunctions.Rd:48: Lost braces in \itemize; meant \describe ? Flavors: r-devel-linux-x86_64-debian-clang, r-devel-linux-x86_64-debian-gcc, r-devel-linux-x86_64-fedora-clang, r-devel-linux-x86_64-fedora-gcc