CRAN Package Check Results for Package NetIndices

Last updated on 2022-01-20 22:54:10 CET.

Flavor Version Tinstall Tcheck Ttotal Status Flags
r-devel-linux-x86_64-debian-clang 1.4.4 NOTE
r-devel-linux-x86_64-debian-gcc 1.4.4 2.00 30.61 32.61 NOTE
r-devel-linux-x86_64-fedora-clang 1.4.4 53.48 NOTE
r-devel-linux-x86_64-fedora-gcc 1.4.4 44.17 NOTE
r-devel-windows-x86_64-new-UL 1.4.4 39.00 81.00 120.00 NOTE
r-devel-windows-x86_64-new-TK 1.4.4 NOTE
r-patched-linux-x86_64 1.4.4 1.85 38.13 39.98 NOTE
r-release-linux-x86_64 1.4.4 2.43 37.49 39.92 NOTE
r-release-macos-arm64 1.4.4 NOTE
r-release-macos-x86_64 1.4.4 NOTE
r-release-windows-ix86+x86_64 1.4.4 5.00 55.00 60.00 NOTE
r-oldrel-macos-x86_64 1.4.4 NOTE
r-oldrel-windows-ix86+x86_64 1.4.4 5.00 56.00 61.00 NOTE

Check Details

Version: 1.4.4
Check: R code for possible problems
Result: NOTE
    EnvInd: no visible global function definition for 'sd'
    Undefined global functions or variables:
     sd
    Consider adding
     importFrom("stats", "sd")
    to your NAMESPACE file.
Flavors: r-devel-linux-x86_64-debian-clang, r-devel-linux-x86_64-debian-gcc, r-devel-linux-x86_64-fedora-clang, r-devel-linux-x86_64-fedora-gcc, r-devel-windows-x86_64-new-UL, r-devel-windows-x86_64-new-TK, r-patched-linux-x86_64, r-release-linux-x86_64, r-release-macos-arm64, r-release-macos-x86_64, r-release-windows-ix86+x86_64, r-oldrel-macos-x86_64, r-oldrel-windows-ix86+x86_64