CRAN Package Check Results for Package NonProbEst

Last updated on 2022-01-27 23:01:10 CET.

Flavor Version Tinstall Tcheck Ttotal Status Flags
r-devel-linux-x86_64-debian-clang 0.2.4 14.18 168.40 182.58 OK
r-devel-linux-x86_64-debian-gcc 0.2.4 11.51 127.92 139.43 OK
r-devel-linux-x86_64-fedora-clang 0.2.4 211.49 NOTE
r-devel-linux-x86_64-fedora-gcc 0.2.4 204.84 NOTE
r-devel-windows-x86_64-new-UL 0.2.4 34.00 186.00 220.00 OK
r-devel-windows-x86_64-new-TK 0.2.4 NOTE
r-patched-linux-x86_64 0.2.4 13.11 155.53 168.64 OK
r-release-linux-x86_64 0.2.4 9.46 154.91 164.37 OK
r-release-macos-arm64 0.2.4 NOTE
r-release-macos-x86_64 0.2.4 NOTE
r-release-windows-ix86+x86_64 0.2.4 34.00 186.00 220.00 OK
r-oldrel-macos-x86_64 0.2.4 NOTE
r-oldrel-windows-ix86+x86_64 0.2.4 33.00 187.00 220.00 OK

Check Details

Version: 0.2.4
Check: dependencies in R code
Result: NOTE
    Namespaces in Imports field not imported from:
     ‘Matrix’ ‘e1071’ ‘glmnet’
     All declared Imports should be used.
Flavors: r-devel-linux-x86_64-fedora-clang, r-devel-linux-x86_64-fedora-gcc, r-devel-windows-x86_64-new-TK, r-release-macos-arm64, r-release-macos-x86_64, r-oldrel-macos-x86_64