CRAN Package Check Results for Package NormalBetaPrime

Last updated on 2022-01-28 23:00:44 CET.

Flavor Version Tinstall Tcheck Ttotal Status Flags
r-devel-linux-x86_64-debian-clang 2.2 10.67 109.54 120.21 OK
r-devel-linux-x86_64-debian-gcc 2.2 9.07 81.07 90.14 OK
r-devel-linux-x86_64-fedora-clang 2.2 137.29 NOTE
r-devel-linux-x86_64-fedora-gcc 2.2 130.36 OK
r-devel-windows-x86_64-new-UL 2.2 71.00 120.00 191.00 NOTE
r-devel-windows-x86_64-new-TK 2.2 OK
r-patched-linux-x86_64 2.2 11.62 102.38 114.00 OK
r-release-linux-x86_64 2.2 8.67 100.77 109.44 OK
r-release-macos-arm64 2.2 NOTE
r-release-macos-x86_64 2.2 NOTE
r-release-windows-ix86+x86_64 2.2 21.00 117.00 138.00 OK
r-oldrel-macos-x86_64 2.2 NOTE
r-oldrel-windows-ix86+x86_64 2.2 22.00 123.00 145.00 OK

Check Details

Version: 2.2
Check: installed package size
Result: NOTE
     installed size is 5.1Mb
     sub-directories of 1Mb or more:
     data 4.8Mb
Flavors: r-devel-linux-x86_64-fedora-clang, r-devel-windows-x86_64-new-UL, r-release-macos-arm64, r-release-macos-x86_64, r-oldrel-macos-x86_64