CRAN Package Check Results for Package Numero

Last updated on 2021-11-30 22:54:38 CET.

Flavor Version Tinstall Tcheck Ttotal Status Flags
r-devel-linux-x86_64-debian-clang 1.8.4 365.88 80.79 446.67 OK
r-devel-linux-x86_64-debian-gcc 1.8.4 253.76 67.65 321.41 OK
r-devel-linux-x86_64-fedora-clang 1.8.4 876.99 NOTE
r-devel-linux-x86_64-fedora-gcc 1.8.4 618.93 OK
r-devel-windows-x86_64-new-UL 1.8.4 557.00 175.00 732.00 NOTE
r-devel-windows-x86_64-new-TK 1.8.4 OK
r-devel-windows-x86_64-old 1.8.4 489.00 105.00 594.00 NOTE
r-patched-linux-x86_64 1.8.4 307.94 81.49 389.43 OK
r-patched-solaris-x86 1.8.4 504.50 NOTE
r-release-linux-x86_64 1.8.4 318.27 80.79 399.06 OK
r-release-macos-arm64 1.8.4 NOTE
r-release-macos-x86_64 1.8.4 NOTE
r-release-windows-ix86+x86_64 1.8.4 974.00 177.00 1151.00 NOTE
r-oldrel-macos-x86_64 1.8.4 NOTE
r-oldrel-windows-ix86+x86_64 1.8.4 818.00 149.00 967.00 NOTE

Check Details

Version: 1.8.4
Check: installed package size
Result: NOTE
     installed size is 19.7Mb
     sub-directories of 1Mb or more:
     doc 5.3Mb
     libs 14.0Mb
Flavors: r-devel-linux-x86_64-fedora-clang, r-devel-windows-x86_64-new-UL, r-devel-windows-x86_64-old, r-patched-solaris-x86, r-release-macos-arm64, r-release-macos-x86_64, r-release-windows-ix86+x86_64, r-oldrel-macos-x86_64, r-oldrel-windows-ix86+x86_64