Last updated on 2022-07-02 22:58:29 CEST.
Flavor | Version | Tinstall | Tcheck | Ttotal | Status | Flags |
---|---|---|---|---|---|---|
r-devel-linux-x86_64-debian-clang | 1.9.0 | 382.54 | 86.77 | 469.31 | OK | |
r-devel-linux-x86_64-debian-gcc | 1.9.0 | 298.71 | 66.18 | 364.89 | OK | |
r-devel-linux-x86_64-fedora-clang | 1.9.0 | 895.24 | NOTE | |||
r-devel-linux-x86_64-fedora-gcc | 1.9.0 | 636.64 | OK | |||
r-devel-windows-x86_64 | 1.9.0 | 407.00 | 152.00 | 559.00 | NOTE | |
r-patched-linux-x86_64 | 1.9.0 | 323.33 | 82.84 | 406.17 | OK | |
r-release-linux-x86_64 | 1.9.0 | 323.81 | 84.36 | 408.17 | OK | |
r-release-macos-arm64 | 1.9.0 | 159.00 | NOTE | |||
r-release-macos-x86_64 | 1.9.0 | 236.00 | NOTE | |||
r-release-windows-x86_64 | 1.9.0 | 414.00 | 152.00 | 566.00 | NOTE | |
r-oldrel-macos-arm64 | 1.9.0 | 154.00 | NOTE | |||
r-oldrel-macos-x86_64 | 1.9.0 | 237.00 | NOTE | |||
r-oldrel-windows-ix86+x86_64 | 1.9.0 | 989.00 | 172.00 | 1161.00 | NOTE |
Version: 1.9.0
Check: installed package size
Result: NOTE
installed size is 17.8Mb
sub-directories of 1Mb or more:
doc 5.3Mb
libs 12.1Mb
Flavors: r-devel-linux-x86_64-fedora-clang, r-devel-windows-x86_64, r-release-macos-arm64, r-release-macos-x86_64, r-release-windows-x86_64, r-oldrel-macos-arm64, r-oldrel-macos-x86_64, r-oldrel-windows-ix86+x86_64