CRAN Package Check Results for Package OBIC

Last updated on 2024-02-25 23:02:14 CET.

Flavor Version Tinstall Tcheck Ttotal Status Flags
r-devel-linux-x86_64-debian-clang 3.0.1 12.95 265.50 278.45 OK
r-devel-linux-x86_64-debian-gcc 3.0.1 11.15 187.76 198.91 OK
r-devel-linux-x86_64-fedora-clang 3.0.1 328.23 NOTE
r-devel-linux-x86_64-fedora-gcc 3.0.1 330.48 NOTE
r-devel-windows-x86_64 3.0.1 13.00 214.00 227.00 OK
r-patched-linux-x86_64 3.0.1 12.26 250.86 263.12 OK
r-release-linux-x86_64 3.0.1 11.56 243.98 255.54 OK
r-release-macos-arm64 3.0.1 106.00 OK
r-release-macos-x86_64 3.0.1 266.00 OK
r-release-windows-x86_64 3.0.1 14.00 268.00 282.00 OK
r-oldrel-macos-arm64 3.0.1 155.00 OK
r-oldrel-windows-x86_64 3.0.1 18.00 259.00 277.00 OK

Check Details

Version: 3.0.1
Check: data for non-ASCII characters
Result: NOTE Note: found 2 marked UTF-8 strings Flavors: r-devel-linux-x86_64-fedora-clang, r-devel-linux-x86_64-fedora-gcc