Last updated on 2022-05-15 22:51:43 CEST.
Flavor | Version | Tinstall | Tcheck | Ttotal | Status | Flags |
---|---|---|---|---|---|---|
r-devel-linux-x86_64-debian-clang | 0.5.3 | 2.38 | 37.87 | 40.25 | OK | |
r-devel-linux-x86_64-debian-gcc | 0.5.3 | 2.06 | 29.18 | 31.24 | OK | |
r-devel-linux-x86_64-fedora-clang | 0.5.3 | 50.49 | NOTE | |||
r-devel-linux-x86_64-fedora-gcc | 0.5.3 | 49.76 | NOTE | |||
r-devel-windows-x86_64 | 0.5.3 | 18.00 | 64.00 | 82.00 | OK | |
r-patched-linux-x86_64 | 0.5.3 | 2.53 | 37.07 | 39.60 | OK | |
r-release-linux-x86_64 | 0.5.3 | 3.27 | 36.36 | 39.63 | OK | |
r-release-macos-arm64 | 0.5.3 | 21.00 | NOTE | |||
r-release-macos-x86_64 | 0.5.3 | 29.00 | NOTE | |||
r-release-windows-x86_64 | 0.5.3 | 30.00 | 114.00 | 144.00 | ERROR | |
r-oldrel-macos-arm64 | 0.5.3 | 25.00 | NOTE | |||
r-oldrel-macos-x86_64 | 0.5.3 | 30.00 | NOTE | |||
r-oldrel-windows-ix86+x86_64 | 0.5.3 | 8.00 | 52.00 | 60.00 | OK |
Version: 0.5.3
Check: dependencies in R code
Result: NOTE
Namespace in Imports field not imported from: ‘R6’
All declared Imports should be used.
Flavors: r-devel-linux-x86_64-fedora-clang, r-devel-linux-x86_64-fedora-gcc, r-release-macos-arm64, r-release-macos-x86_64, r-oldrel-macos-arm64, r-oldrel-macos-x86_64
Version: 0.5.3
Check: re-building of vignette outputs
Result: ERROR
Error(s) in re-building vignettes:
--- re-building 'demo.Rmd' using rmarkdown
Quitting from lines 28-30 (demo.Rmd)
Error: processing vignette 'demo.Rmd' failed with diagnostics:
Timeout was reached: [services.odata.org] Resolving timed out after 10000 milliseconds
--- failed re-building 'demo.Rmd'
--- re-building 'querying.Rmd' using rmarkdown
--- finished re-building 'querying.Rmd'
SUMMARY: processing the following file failed:
'demo.Rmd'
Error: Vignette re-building failed.
Execution halted
Flavor: r-release-windows-x86_64